{"id":1963,"date":"2016-04-01T00:12:30","date_gmt":"2016-04-01T00:12:30","guid":{"rendered":"http:\/\/isoplast.ind.br\/16\/produto\/lajota-eps-unidirecional-e-bidirecional\/"},"modified":"2021-05-08T15:09:32","modified_gmt":"2021-05-08T15:09:32","slug":"lajota-eps-unidirecional-e-bidirecional","status":"publish","type":"product","link":"https:\/\/isoplast.ind.br\/16\/produto\/lajota-eps-unidirecional-e-bidirecional","title":{"rendered":"Lajota EPS (Isopor\u00ae)"},"content":{"rendered":"<p>[vc_row css=&#8221;.vc_custom_1460299307319{margin-bottom: 20px !important;}&#8221;][vc_column][vc_custom_heading text=&#8221;CONHE\u00c7A UM POUCO MAIS SOBRE AS LAJOTAS EPS (Isopor\u00ae)&#8221;][\/vc_column][\/vc_row][vc_row css=&#8221;.vc_custom_1460299448665{margin-bottom: 40px !important;}&#8221;][vc_column][vc_column_text]<\/p>\n<p style=\"text-align: justify;\">As lajes nervuradas constitu\u00edram uma evolu\u00e7\u00e3o natural da laje maci\u00e7a, resultante da elimina\u00e7\u00e3o da maior parte do concreto abaixo da linha neutra, o que permite o aumento econ\u00f4mica da espessura total das lajes pela cria\u00e7\u00e3o de vazios em um padr\u00e3o r\u00edtmico de arranjo. Forma-se assim um sistema estrutural altamente eficiente, constitu\u00eddo por um conjunto de nervuras dispostas em uma ou duas dire\u00e7\u00f5es, com espa\u00e7amentos regulares entre si, preenchidos por EPS (Isopor\u00ae).<\/p>\n<p><img loading=\"lazy\" class=\" wp-image-2029 alignleft\" src=\"http:\/\/isoplast.ind.br\/16\/wp-content\/uploads\/2016\/04\/laje_isopor1.jpg\" alt=\"laje_isopor1\" width=\"331\" height=\"249\" \/><img loading=\"lazy\" class=\" wp-image-2030 alignleft\" src=\"http:\/\/isoplast.ind.br\/16\/wp-content\/uploads\/2016\/04\/laje_isopor2.jpg\" alt=\"laje_isopor2\" width=\"331\" height=\"249\" \/><img loading=\"lazy\" class=\" wp-image-2031 alignleft\" src=\"http:\/\/isoplast.ind.br\/16\/wp-content\/uploads\/2016\/04\/laje_isopor3.jpg\" alt=\"laje_isopor3\" width=\"331\" height=\"249\" \/><\/p>\n<p>[\/vc_column_text][\/vc_column][\/vc_row][vc_row css=&#8221;.vc_custom_1460242056107{margin-bottom: 40px !important;}&#8221;][vc_column][vc_tta_accordion][vc_tta_section title=&#8221;MEDIDAS DAS LAJOTAS EPS ISOPLAST &#8211; UNIDIRECIONAL&#8221; tab_id=&#8221;1461271099901-0487d4c3-44b8&#8243;][vc_column_text]<img loading=\"lazy\" class=\"size-full wp-image-2171 aligncenter\" src=\"http:\/\/isoplast.ind.br\/16\/wp-content\/uploads\/2016\/04\/medidas_lajotas_eps_unidirecional.jpg\" alt=\"medidas_lajotas_eps_unidirecional\" width=\"655\" height=\"323\" srcset=\"https:\/\/isoplast.ind.br\/16\/wp-content\/uploads\/2016\/04\/medidas_lajotas_eps_unidirecional.jpg 655w, https:\/\/isoplast.ind.br\/16\/wp-content\/uploads\/2016\/04\/medidas_lajotas_eps_unidirecional-570x281.jpg 570w, https:\/\/isoplast.ind.br\/16\/wp-content\/uploads\/2016\/04\/medidas_lajotas_eps_unidirecional-300x148.jpg 300w\" sizes=\"(max-width: 655px) 100vw, 655px\" \/><\/p>\n<p><img loading=\"lazy\" class=\"size-full wp-image-2172 alignleft\" src=\"http:\/\/isoplast.ind.br\/16\/wp-content\/uploads\/2016\/04\/medidas_lajotas_eps_unidirecional2.jpg\" alt=\"medidas_lajotas_eps_unidirecional2\" width=\"246\" height=\"133\" \/><br \/>\nObs1.: As medidas de chanfro para as pe\u00e7as que n\u00e3o s\u00e3o de estoque podem ser manipuladas conforme necessidade do projeto.<br \/>\nObs2.: Outras medidas somente sob encomenda, tanto para lajotas unidirecionais, bidirecionais ou blocos recortados para enchimentos.<\/p>\n<p>&nbsp;<\/p>\n<p>&nbsp;<\/p>\n<h6><strong>TABELA DE MEDIDAS PARA CONSULTA:<\/strong><\/h6>\n<table width=\"400\">\n<tbody>\n<tr>\n<td bgcolor=\"#CCCCCC\" width=\"254\"><strong>Medidas Lajotas CxLxH<\/strong><strong> (Chanfro<\/strong><strong> hxb<\/strong><strong>)<\/strong><\/td>\n<td bgcolor=\"#CCCCCC\" width=\"102\"><strong>Largura \u00fatil<\/strong><\/td>\n<td bgcolor=\"#CCCCCC\" width=\"102\"><strong>Estoque<\/strong><\/td>\n<\/tr>\n<tr>\n<td colspan=\"3\" width=\"458\"><strong>LARGURAS DE 330mm<\/strong><\/td>\n<\/tr>\n<tr>\n<td width=\"254\">1000 x 330 x 70 mm\u00a0 (25x15mm)<\/td>\n<td width=\"102\">300<\/td>\n<td width=\"102\">Sim<\/td>\n<\/tr>\n<tr>\n<td bgcolor=\"#CEE6FF\" width=\"254\">1000 x 330 x 80 mm\u00a0 (25x15mm)<\/td>\n<td bgcolor=\"#CEE6FF\" width=\"102\">300<\/td>\n<td bgcolor=\"#CEE6FF\" width=\"102\">Sim<\/td>\n<\/tr>\n<tr>\n<td width=\"254\">1000 x 330 x 100 mm\u00a0 (25x15mm)<\/td>\n<td width=\"102\">300<\/td>\n<td width=\"102\">Encomenda<\/td>\n<\/tr>\n<tr>\n<td bgcolor=\"#CEE6FF\" width=\"254\">1000 x 330 x 120 mm\u00a0 (30x15mm)<\/td>\n<td bgcolor=\"#CEE6FF\" width=\"102\">300<\/td>\n<td bgcolor=\"#CEE6FF\" width=\"102\">Sim<\/td>\n<\/tr>\n<tr>\n<td width=\"254\">1000 x 330 x 160 mm\u00a0 (50x15mm)<\/td>\n<td width=\"102\">300<\/td>\n<td width=\"102\">Encomenda<\/td>\n<\/tr>\n<tr>\n<td bgcolor=\"#CEE6FF\" width=\"254\">1000 x 330 x 200 mm\u00a0 (50x15mm)<\/td>\n<td bgcolor=\"#CEE6FF\" width=\"102\">300<\/td>\n<td bgcolor=\"#CEE6FF\" width=\"102\">Encomenda<\/td>\n<\/tr>\n<tr>\n<td width=\"254\">1000 x 330 x 250 mm\u00a0 (50x15mm)<\/td>\n<td width=\"102\">300<\/td>\n<td width=\"102\">Encomenda<\/td>\n<\/tr>\n<tr>\n<td colspan=\"3\" width=\"458\"><strong>LARGURAS DE 400mm<\/strong><\/td>\n<\/tr>\n<tr>\n<td bgcolor=\"#CEE6FF\" width=\"254\">1000 x 400 x 70 mm\u00a0 (25x15mm)<\/td>\n<td bgcolor=\"#CEE6FF\" width=\"102\">370<\/td>\n<td bgcolor=\"#CEE6FF\" width=\"102\">Sim<\/td>\n<\/tr>\n<tr>\n<td width=\"254\">1000 x 400 x 80 mm\u00a0 (25x15mm)<\/td>\n<td width=\"102\">370<\/td>\n<td width=\"102\">Sim<\/td>\n<\/tr>\n<tr>\n<td bgcolor=\"#CEE6FF\" width=\"254\">1000 x 400 x 100 mm\u00a0 (25x15mm)<\/td>\n<td bgcolor=\"#CEE6FF\" width=\"102\">370<\/td>\n<td bgcolor=\"#CEE6FF\" width=\"102\">Encomenda<\/td>\n<\/tr>\n<tr>\n<td width=\"254\">1000 x 400 x 120 mm\u00a0 (30x20mm)<\/td>\n<td width=\"102\">360<\/td>\n<td width=\"102\">Sim<\/td>\n<\/tr>\n<tr>\n<td bgcolor=\"#CEE6FF\" width=\"254\">1000 x 400 x 160 mm\u00a0 (50x20mm)<\/td>\n<td bgcolor=\"#CEE6FF\" width=\"102\">360<\/td>\n<td bgcolor=\"#CEE6FF\" width=\"102\">Encomenda<\/td>\n<\/tr>\n<tr>\n<td width=\"254\">1000 x 400 x 200 mm\u00a0 (50x20mm)<\/td>\n<td width=\"102\">360<\/td>\n<td width=\"102\">Encomenda<\/td>\n<\/tr>\n<tr>\n<td bgcolor=\"#CEE6FF\" width=\"254\">1000 x 400 x 250 mm\u00a0 (50x20mm)<\/td>\n<td bgcolor=\"#CEE6FF\" width=\"102\">360<\/td>\n<td bgcolor=\"#CEE6FF\" width=\"102\">Encomenda<\/td>\n<\/tr>\n<\/tbody>\n<\/table>\n<p>[\/vc_column_text][\/vc_tta_section][vc_tta_section title=&#8221;VIGOTAS PARA UTILIZA\u00c7\u00c3O COM LAJOTAS EM EPS (Isopor\u00ae)&#8221; tab_id=&#8221;1460241580289-2075081f-f25a&#8221;][vc_column_text]<\/p>\n<p style=\"text-align: justify;\"><img loading=\"lazy\" class=\"wp-image-2024 alignleft\" src=\"http:\/\/isoplast.ind.br\/16\/wp-content\/uploads\/2016\/04\/blocos_1-300x134.gif\" alt=\"blocos_1\" width=\"363\" height=\"162\" \/>Atualmente, est\u00e3o dispon\u00edveis no mercado brasileiro os tr\u00eas tipos de vigotas citados acima que se adaptam perfeitamente com os blocos em EPS (Isopor\u00ae) para constru\u00e7\u00e3o de lajes seguras e eficazes. Nas lajes nervuradas, os blocos de EPS n\u00e3o participam da resist\u00eancia final da estrutura, por\u00e9m, por funcionarem como elementos estruturais durante os trabalhos de montagem das armaduras e de concretagem da laje, eles devem ser dimensionados para suportarem os esfor\u00e7os neles existentes durante a fase de constru\u00e7\u00e3o.<\/p>\n<p>[\/vc_column_text][\/vc_tta_section][vc_tta_section title=&#8221;TIPOS DE BLOCOS COM ENCAIXES&#8221; tab_id=&#8221;1460241580906-4138383f-6d7c&#8221;][vc_column_text]<img loading=\"lazy\" class=\"wp-image-2025 alignleft\" src=\"http:\/\/isoplast.ind.br\/16\/wp-content\/uploads\/2016\/04\/blocos_2-300x178.gif\" alt=\"blocos_2\" width=\"403\" height=\"239\" \/><strong>PRINCIPAIS VANTAGENS:<\/strong><\/p>\n<p style=\"text-align: justify;\" align=\"justify\">A leveza e a resist\u00eancia do EPS s\u00e3o caracter\u00edsticas muito favor\u00e1veis para o nivelamento de lajes. O produto pode ser usado at\u00e9 10 kg\/m\u00b3 e oferece at\u00e9 50 KPa nos materias produzidos dentro das normas da ABNT.<\/p>\n<p style=\"text-align: justify;\" align=\"justify\">Por ser um excelente isolante t\u00e9rmico e oferecer baixa absor\u00e7\u00e3o de \u00e1gua (m\u00e1xima de 5% em volume na classifica\u00e7\u00e3o PI), permite que a cura do concreto seja bem melhor e mais r\u00e1pida.<\/p>\n<p style=\"text-align: justify;\" align=\"justify\">O EPS(poliestireno expandido) n\u00e3o serve de alimento a nenhum ser vivo, inclusive microorganismos, portanto n\u00e3o atrai cupins nem apodrece.<\/p>\n<p>[\/vc_column_text][\/vc_tta_section][vc_tta_section title=&#8221;EXEMPLOS DE SISTEMAS CONSTRUTIVOS LAJOTAS&#8221; tab_id=&#8221;1460301270213-cbd3ba04-ffe7&#8243;][vc_column_text]<\/p>\n<p style=\"text-align: center;\"><strong>LAJE UNIDIRECIONAL (VIGOTA TRELI\u00c7ADA COM EPS)<\/strong><\/p>\n<p><img loading=\"lazy\" class=\"alignnone wp-image-2026 aligncenter\" src=\"http:\/\/isoplast.ind.br\/16\/wp-content\/uploads\/2016\/04\/blocos_3-300x210.gif\" alt=\"blocos_3\" width=\"543\" height=\"380\" \/><\/p>\n<p style=\"text-align: center;\"><strong>LAJE BIDIRECIONAL (VIGOTA TRELI\u00c7ADA + PLAQUETAS + EPS)<\/strong><\/p>\n<p style=\"text-align: center;\"><img loading=\"lazy\" class=\"alignnone wp-image-2027\" src=\"http:\/\/isoplast.ind.br\/16\/wp-content\/uploads\/2016\/04\/blocos_4-300x200.gif\" alt=\"blocos_4\" width=\"543\" height=\"362\" \/><\/p>\n<p>[\/vc_column_text][\/vc_tta_section][vc_tta_section title=&#8221;EXEMPLOS DE SISTEMAS CONSTRUTIVOS BLOCOS RECORTADOS 1&#8243; tab_id=&#8221;1460301273934-3352f02d-cd85&#8243;][vc_column_text]<\/p>\n<p style=\"text-align: center;\"><strong>OP\u00c7\u00c3O I: PR\u00c9-LAJE PEQUENA OU LAJE COM PAINEL TRELI\u00c7ADO PEQUENO + EPS RECORTADO<\/strong><\/p>\n<p style=\"text-align: center;\"><img loading=\"lazy\" class=\"alignnone wp-image-2055\" src=\"http:\/\/isoplast.ind.br\/16\/wp-content\/uploads\/2016\/04\/blocos_5-300x208.gif\" alt=\"blocos_5\" width=\"543\" height=\"377\" \/><\/p>\n<p style=\"text-align: center;\"><strong>OP\u00c7\u00c3O II: PR\u00c9-LAJE M\u00c9DIA OU LAJE COM PAINEL TRELI\u00c7ADO M\u00c9DIO + EPS RECORTADO<\/strong><\/p>\n<p><img loading=\"lazy\" class=\"alignnone wp-image-2056 aligncenter\" src=\"http:\/\/isoplast.ind.br\/16\/wp-content\/uploads\/2016\/04\/blocos_6-300x194.gif\" alt=\"blocos_6\" width=\"543\" height=\"351\" \/>[\/vc_column_text][\/vc_tta_section][vc_tta_section title=&#8221;EXEMPLOS DE SISTEMAS CONSTRUTIVOS BLOCOS RECORTADOS 2&#8243; tab_id=&#8221;1460302437331-6aacd311-5f55&#8243;][vc_column_text]<\/p>\n<p style=\"text-align: center;\"><strong>OP\u00c7\u00c3O III: PR\u00c9-LAJE GRANDE OU LAJE COM PAINEL TRELI\u00c7ADO GRANDE + EPS RECORTADO<\/strong><\/p>\n<p style=\"text-align: center;\"><img loading=\"lazy\" class=\"alignnone wp-image-2057\" src=\"http:\/\/isoplast.ind.br\/16\/wp-content\/uploads\/2016\/04\/blocos_7-300x204.gif\" alt=\"blocos_7\" width=\"543\" height=\"369\" \/><\/p>\n<p style=\"text-align: center;\"><strong>OP\u00c7\u00c3O IV: PR\u00c9-LAJE OU LAJE COM PAINEL TRELI\u00c7ADO + EPS RECORTADO<\/strong><\/p>\n<p><img loading=\"lazy\" class=\"alignnone wp-image-2058 aligncenter\" src=\"http:\/\/isoplast.ind.br\/16\/wp-content\/uploads\/2016\/04\/blocos_8-300x217.gif\" alt=\"blocos_8\" width=\"543\" height=\"393\" \/>[\/vc_column_text][\/vc_tta_section][\/vc_tta_accordion][\/vc_column][\/vc_row]<\/p>\n","protected":false},"excerpt":{"rendered":"<p style=\"text-align: justify;\">Muitos s\u00e3os os benef\u00edcios das <em><strong>Lajotas EPS ISOPLAST unidirecional e bidirecional\u00a0<\/strong><\/em>em compara\u00e7\u00e3o aos sistemas tradicionais como: menos carga nas estruturas e funda\u00e7\u00f5es, menor consumo de a\u00e7o\/concreto, economia de m\u00e3o-de-obra, economia de f\u00f4rmas\/cibramentos, menor consumo de escoramentos, medidas flex\u00edveis, facilidade no manuseio, facilidade no transporte, isolamento t\u00e9rmico, isolamento ac\u00fastico e precis\u00e3o milim\u00e9trica.<\/p>\n<hr \/>\n<p><strong><span style=\"color: #000000;\">BAIXE NOSSOS CAT\u00c1LOGOS E SAIBA MAIS:<\/span><\/strong><\/p>\n<p><a title=\"Clique para baixar\" href=\"http:\/\/isoplast.ind.br\/16\/download\/catalogo_construcao_civil.pdf\" target=\"_blank\" rel=\"noopener\"><img loading=\"lazy\" class=\"alignnone wp-image-1945\" src=\"http:\/\/isoplast.ind.br\/16\/wp-content\/uploads\/2016\/03\/catalogo_construcao_civil-213x300.jpg\" alt=\"catalogo_construcao_civil\" width=\"100\" height=\"141\" srcset=\"https:\/\/isoplast.ind.br\/16\/wp-content\/uploads\/2016\/03\/catalogo_construcao_civil-213x300.jpg 213w, https:\/\/isoplast.ind.br\/16\/wp-content\/uploads\/2016\/03\/catalogo_construcao_civil.jpg 457w\" sizes=\"(max-width: 100px) 100vw, 100px\" \/><\/a><a href=\"http:\/\/isoplast.ind.br\/16\/download\/manual_lajota_eps_isoplast.pdf\" target=\"_blank\" rel=\"attachment wp-att-2065 noopener\">\u00a0\u00a0\u00a0 <\/a><a title=\"Clique para baixar\" href=\"http:\/\/isoplast.ind.br\/16\/download\/folder_cc_lajota_eps_x_lajota_ceramica.pdf\" target=\"_blank\" rel=\"attachment wp-att-2064 noopener\"><img loading=\"lazy\" class=\"alignnone wp-image-2064\" src=\"http:\/\/isoplast.ind.br\/16\/wp-content\/uploads\/2016\/04\/lajota_eps_x_ceramica-225x300.jpg\" alt=\"lajota_eps_x_ceramica\" width=\"106\" height=\"141\" srcset=\"https:\/\/isoplast.ind.br\/16\/wp-content\/uploads\/2016\/04\/lajota_eps_x_ceramica-225x300.jpg 225w, https:\/\/isoplast.ind.br\/16\/wp-content\/uploads\/2016\/04\/lajota_eps_x_ceramica.jpg 472w\" sizes=\"(max-width: 106px) 100vw, 106px\" \/><\/a><a title=\"Clique para baixar\" href=\"http:\/\/isoplast.ind.br\/16\/download\/manual_lajota_eps_isoplast.pdf\" target=\"_blank\" rel=\"attachment wp-att-2065 noopener\">\u00a0\u00a0\u00a0 <img loading=\"lazy\" class=\"alignnone wp-image-2065\" src=\"http:\/\/isoplast.ind.br\/16\/wp-content\/uploads\/2016\/04\/manual_eps-300x222.jpg\" alt=\"manual_eps\" width=\"190\" height=\"140\" srcset=\"https:\/\/isoplast.ind.br\/16\/wp-content\/uploads\/2016\/04\/manual_eps-300x222.jpg 300w, https:\/\/isoplast.ind.br\/16\/wp-content\/uploads\/2016\/04\/manual_eps-570x422.jpg 570w, https:\/\/isoplast.ind.br\/16\/wp-content\/uploads\/2016\/04\/manual_eps.jpg 625w\" sizes=\"(max-width: 190px) 100vw, 190px\" \/><\/a><\/p>\n<hr \/>\n<p>[vc_row][vc_column][ultimate_modal modal_title=\"FORMUL\u00c1RIO DE COTA\u00c7\u00c3O:\" btn_bg_color=\"#1e73be\" btn_txt_color=\"#ffffff\" modal_on_align=\"left\" btn_text=\"SOLICITE UMA COTA\u00c7\u00c3O\" modal_size=\"medium\"][contact-form-7 id=\"1057\" title=\"Formul\u00e1rio de contato 1\"][\/ultimate_modal][\/vc_column][\/vc_row]<\/p>\n","protected":false},"featured_media":1964,"comment_status":"open","ping_status":"closed","template":"","meta":[],"yoast_head":"<!-- This site is optimized with the Yoast SEO plugin v15.5 - https:\/\/yoast.com\/wordpress\/plugins\/seo\/ -->\n<title>Lajota EPS (Isopor\u00ae) - Isoplast Ltda<\/title>\n<meta name=\"robots\" content=\"index, follow, max-snippet:-1, max-image-preview:large, max-video-preview:-1\" \/>\n<link rel=\"canonical\" href=\"https:\/\/isoplast.ind.br\/16\/produto\/lajota-eps-unidirecional-e-bidirecional\" \/>\n<meta property=\"og:locale\" content=\"pt_BR\" \/>\n<meta property=\"og:type\" content=\"article\" \/>\n<meta property=\"og:title\" content=\"Lajota EPS (Isopor\u00ae) - Isoplast Ltda\" \/>\n<meta property=\"og:description\" content=\"Muitos s\u00e3os os benef\u00edcios das Lajotas EPS ISOPLAST unidirecional e bidirecional\u00a0em compara\u00e7\u00e3o aos sistemas tradicionais como: menos carga nas estruturas e funda\u00e7\u00f5es, menor consumo de a\u00e7o\/concreto, economia de m\u00e3o-de-obra, economia de f\u00f4rmas\/cibramentos, menor consumo de escoramentos, medidas flex\u00edveis, facilidade no manuseio, facilidade no transporte, isolamento t\u00e9rmico, isolamento ac\u00fastico e precis\u00e3o milim\u00e9trica.     BAIXE NOSSOS CAT\u00c1LOGOS E SAIBA MAIS:  \u00a0\u00a0\u00a0 \u00a0\u00a0\u00a0     [vc_row][vc_column][\/vc_column][\/vc_row]\" \/>\n<meta property=\"og:url\" content=\"https:\/\/isoplast.ind.br\/16\/produto\/lajota-eps-unidirecional-e-bidirecional\" \/>\n<meta property=\"og:site_name\" content=\"Isoplast Ltda\" \/>\n<meta property=\"article:modified_time\" content=\"2021-05-08T15:09:32+00:00\" \/>\n<meta property=\"og:image\" content=\"https:\/\/isoplast.ind.br\/16\/wp-content\/uploads\/2016\/04\/lajota_eps_unidirecional.jpg\" \/>\n\t<meta property=\"og:image:width\" content=\"1500\" \/>\n\t<meta property=\"og:image:height\" content=\"1496\" \/>\n<meta name=\"twitter:card\" content=\"summary\" \/>\n<meta name=\"twitter:label1\" content=\"Est. reading time\">\n\t<meta name=\"twitter:data1\" content=\"3 minutos\">\n<script type=\"application\/ld+json\" class=\"yoast-schema-graph\">{\"@context\":\"https:\/\/schema.org\",\"@graph\":[{\"@type\":\"WebSite\",\"@id\":\"https:\/\/isoplast.ind.br\/16\/#website\",\"url\":\"https:\/\/isoplast.ind.br\/16\/\",\"name\":\"Isoplast Ltda\",\"description\":\"Tecnologia em EPS!\",\"potentialAction\":[{\"@type\":\"SearchAction\",\"target\":\"https:\/\/isoplast.ind.br\/16\/?s={search_term_string}\",\"query-input\":\"required name=search_term_string\"}],\"inLanguage\":\"pt-BR\"},{\"@type\":\"ImageObject\",\"@id\":\"https:\/\/isoplast.ind.br\/16\/produto\/lajota-eps-unidirecional-e-bidirecional#primaryimage\",\"inLanguage\":\"pt-BR\",\"url\":\"https:\/\/isoplast.ind.br\/16\/wp-content\/uploads\/2016\/04\/lajota_eps_unidirecional.jpg\",\"width\":1500,\"height\":1496},{\"@type\":\"WebPage\",\"@id\":\"https:\/\/isoplast.ind.br\/16\/produto\/lajota-eps-unidirecional-e-bidirecional#webpage\",\"url\":\"https:\/\/isoplast.ind.br\/16\/produto\/lajota-eps-unidirecional-e-bidirecional\",\"name\":\"Lajota EPS (Isopor\\u00ae) - Isoplast Ltda\",\"isPartOf\":{\"@id\":\"https:\/\/isoplast.ind.br\/16\/#website\"},\"primaryImageOfPage\":{\"@id\":\"https:\/\/isoplast.ind.br\/16\/produto\/lajota-eps-unidirecional-e-bidirecional#primaryimage\"},\"datePublished\":\"2016-04-01T00:12:30+00:00\",\"dateModified\":\"2021-05-08T15:09:32+00:00\",\"inLanguage\":\"pt-BR\",\"potentialAction\":[{\"@type\":\"ReadAction\",\"target\":[\"https:\/\/isoplast.ind.br\/16\/produto\/lajota-eps-unidirecional-e-bidirecional\"]}]}]}<\/script>\n<!-- \/ Yoast SEO plugin. -->","_links":{"self":[{"href":"https:\/\/isoplast.ind.br\/16\/wp-json\/wp\/v2\/product\/1963"}],"collection":[{"href":"https:\/\/isoplast.ind.br\/16\/wp-json\/wp\/v2\/product"}],"about":[{"href":"https:\/\/isoplast.ind.br\/16\/wp-json\/wp\/v2\/types\/product"}],"replies":[{"embeddable":true,"href":"https:\/\/isoplast.ind.br\/16\/wp-json\/wp\/v2\/comments?post=1963"}],"wp:featuredmedia":[{"embeddable":true,"href":"https:\/\/isoplast.ind.br\/16\/wp-json\/wp\/v2\/media\/1964"}],"wp:attachment":[{"href":"https:\/\/isoplast.ind.br\/16\/wp-json\/wp\/v2\/media?parent=1963"}],"curies":[{"name":"wp","href":"https:\/\/api.w.org\/{rel}","templated":true}]}}