{"id":2269,"date":"2016-04-30T23:04:03","date_gmt":"2016-04-30T23:04:03","guid":{"rendered":"http:\/\/isoplast.ind.br\/16\/produtos\/molduras-decorativas-epsisopor\/"},"modified":"2021-05-08T15:13:38","modified_gmt":"2021-05-08T15:13:38","slug":"molduras-decorativas-epsisopor","status":"publish","type":"product","link":"http:\/\/isoplast.ind.br\/16\/produto\/molduras-decorativas-epsisopor","title":{"rendered":"Molduras Decorativas EPS(Isopor\u00ae)"},"content":{"rendered":"<p>[vc_row css=&#8221;.vc_custom_1461374660102{margin-bottom: 10px !important;}&#8221;][vc_column][vc_custom_heading text=&#8221;CONHE\u00c7A UM POUCO MAIS SOBRE AS MOLDURAS DECORATIVAS EPS (Isopor\u00ae) INTERNAS E EXTERNAS&#8221;][\/vc_column][\/vc_row][vc_row css=&#8221;.vc_custom_1460299448665{margin-bottom: 40px !important;}&#8221;][vc_column][vc_column_text]<img loading=\"lazy\" class=\"alignnone wp-image-2274\" src=\"http:\/\/isoplast.ind.br\/16\/wp-content\/uploads\/2016\/04\/moldura03.jpg\" alt=\"moldura03\" width=\"324\" height=\"182\" srcset=\"http:\/\/isoplast.ind.br\/16\/wp-content\/uploads\/2016\/04\/moldura03.jpg 500w, http:\/\/isoplast.ind.br\/16\/wp-content\/uploads\/2016\/04\/moldura03-300x169.jpg 300w\" sizes=\"(max-width: 324px) 100vw, 324px\" \/>\u00a0\u00a0\u00a0\u00a0 <img loading=\"lazy\" class=\"alignnone wp-image-2273\" src=\"http:\/\/isoplast.ind.br\/16\/wp-content\/uploads\/2016\/04\/moldura02.jpg\" alt=\"moldura02\" width=\"324\" height=\"182\" srcset=\"http:\/\/isoplast.ind.br\/16\/wp-content\/uploads\/2016\/04\/moldura02.jpg 1200w, http:\/\/isoplast.ind.br\/16\/wp-content\/uploads\/2016\/04\/moldura02-570x321.jpg 570w, http:\/\/isoplast.ind.br\/16\/wp-content\/uploads\/2016\/04\/moldura02-300x169.jpg 300w, http:\/\/isoplast.ind.br\/16\/wp-content\/uploads\/2016\/04\/moldura02-768x432.jpg 768w, http:\/\/isoplast.ind.br\/16\/wp-content\/uploads\/2016\/04\/moldura02-1024x576.jpg 1024w\" sizes=\"(max-width: 324px) 100vw, 324px\" \/>\u00a0\u00a0\u00a0\u00a0 <img loading=\"lazy\" class=\"alignnone wp-image-2272\" src=\"http:\/\/isoplast.ind.br\/16\/wp-content\/uploads\/2016\/04\/moldura01.jpg\" alt=\"moldura01\" width=\"243\" height=\"183\" srcset=\"http:\/\/isoplast.ind.br\/16\/wp-content\/uploads\/2016\/04\/moldura01.jpg 1200w, http:\/\/isoplast.ind.br\/16\/wp-content\/uploads\/2016\/04\/moldura01-570x428.jpg 570w, http:\/\/isoplast.ind.br\/16\/wp-content\/uploads\/2016\/04\/moldura01-300x225.jpg 300w, http:\/\/isoplast.ind.br\/16\/wp-content\/uploads\/2016\/04\/moldura01-768x576.jpg 768w, http:\/\/isoplast.ind.br\/16\/wp-content\/uploads\/2016\/04\/moldura01-1024x768.jpg 1024w\" sizes=\"(max-width: 243px) 100vw, 243px\" \/>[\/vc_column_text][\/vc_column][\/vc_row][vc_row css=&#8221;.vc_custom_1460242056107{margin-bottom: 40px !important;}&#8221;][vc_column][vc_tta_accordion][vc_tta_section title=&#8221;MOLDURAS INTERNAS:&#8221; tab_id=&#8221;1461271099901-0487d4c3-44b8&#8243;][vc_column_text]A diferen\u00e7a das Molduras em EPS est\u00e1 em ter um produto com robustez, resist\u00eancia e um melhor efeito visual no ambiente, tirando a sensa\u00e7\u00e3o de artificialidade, que as Molduras convencionais t\u00eam.<\/p>\n<p><strong>VANTAGENS<\/strong><br \/>\n\u00b7\u00a0 Custo baixo<br \/>\n\u00b7\u00a0 V\u00e1rios Tamanhos e Modelos<br \/>\n\u00b7\u00a0 Podem ser utilizadas em ambientes aquecidos e \u00famidos.<br \/>\n\u00b7\u00a0 Facilidade de emendas quando ocorrer quebra ou dano.<br \/>\n\u00b7\u00a0 Flex\u00edvel, podendo ser instalados em paredes arredondadas;<\/p>\n<p><strong>PRATICIDADE<\/strong><br \/>\n\u00b7\u00a0 Proporciona a facilidade de instala\u00e7\u00e3o com a m\u00e1xima limpeza e rapidez<br \/>\n\u00b7\u00a0 Podem ser instaladas em ambientes com ou sem acabamento<\/p>\n<p>Poder\u00e1 ser utilizada com ilumina\u00e7\u00e3o fria, tipo fluorescente ou mangueira de luz;<\/p>\n<ul>\n<ul>\n<li>Utiliza\u00e7\u00e3o como band\u00f4 de cortinas e persianas.<\/li>\n<li>Podem ser usados em ambientes \u00famidos como banheiros, etc.<\/li>\n<li>Podem ser pintados com tintas \u00e0 base de PVA.<\/li>\n<li>Molduras Internas s\u00e3o produzidas com EPS auto-extingu\u00edvel (n\u00e3o propaga chamas).<\/li>\n<li>N\u00e3o s\u00e3o t\u00f3xicas, n\u00e3o produzem nem liberam CFC e s\u00e3o 100% recicl\u00e1veis.<\/li>\n<li>Suportam temperaturas de at\u00e9 80\u00baC<\/li>\n<li>Podem ser limpos facilmente com \u00e1gua e sab\u00e3o ou \u00e1lcool.<\/li>\n<li>N\u00e3o mancham, n\u00e3o sofrem com umidade, mofo, fungos ou bact\u00e9rias.<\/li>\n<li>Recuperam a est\u00e9tica de tetos , paredes e forros.<\/li>\n<\/ul>\n<\/ul>\n<p><img loading=\"lazy\" class=\"alignnone wp-image-2278\" src=\"http:\/\/isoplast.ind.br\/16\/wp-content\/uploads\/2016\/04\/moldura06.jpg\" alt=\"moldura06\" width=\"320\" height=\"273\" \/>\u00a0\u00a0\u00a0\u00a0 <img loading=\"lazy\" class=\"alignnone wp-image-2279\" src=\"http:\/\/isoplast.ind.br\/16\/wp-content\/uploads\/2016\/04\/moldura07.jpg\" alt=\"moldura07\" width=\"320\" height=\"273\" \/>[\/vc_column_text][\/vc_tta_section][vc_tta_section title=&#8221;MOLDURAS EXTERNAS&#8221; tab_id=&#8221;1460241580289-2075081f-f25a&#8221;][vc_column_text]As Molduras Externas em EPS s\u00e3o utilizadas como elemento de decora\u00e7\u00e3o em fachadas, marquises, front\u00f5es, pingadeiras, requadros entre outros elementos.<br \/>\n<strong><br \/>\nMuitas vantagens:<\/strong><\/p>\n<ul>\n<li>Execu\u00e7\u00e3o em tempo reduzido, com \u00f3timos resultados arquitet\u00f4nicos.<\/li>\n<li>Leves e resistentes para aplica\u00e7\u00e3o em fachadas externas de edif\u00edcios,<\/li>\n<li>Requerem reduzida m\u00e3o-de-obra de aplica\u00e7\u00e3o e pouco tempo para execu\u00e7\u00e3o,<\/li>\n<li>Durabilidade e facilidade para aplica\u00e7\u00e3o<\/li>\n<li>Diferente das pe\u00e7as de concreto armado n\u00e3o causa impacto de peso adicional nas estruturas.<\/li>\n<li>Resistente a intemp\u00e9ries.<\/li>\n<li>Resolvem de modo r\u00e1pido e econ\u00f4mico solu\u00e7\u00f5es arquitet\u00f4nicas em fachadas.<\/li>\n<\/ul>\n<p><strong>Utiliza\u00e7\u00e3o e Acabamento<\/strong><br \/>\nPodem-se aplicar diversos revestimentos de acabamento sobre a moldura ap\u00f3s sua fixa\u00e7\u00e3o, tais como: texturas, massas e pinturas.<br \/>\nA superf\u00edcie sobre a qual ser\u00e1 feita a aplica\u00e7\u00e3o deve ser plana, sem ondula\u00e7\u00f5es, limpa, livre de p\u00f3, \u00f3leos e sem pintura.<\/p>\n<p><strong>Aplica\u00e7\u00e3o<\/strong><br \/>\nA aplica\u00e7\u00e3o deve ser feita com argamassa colante CA-2 flex\u00edvel, utilizar rejunte a base de ep\u00f3xi nas emendas.<br \/>\nNos casos de Molduras de maior tamanho utilizar apoio com tarugos de madeira fixada com bucha na parede (estrutura), retirar os apoios ap\u00f3s a cura e secagem dos adesivos. Ap\u00f3s a fixa\u00e7\u00e3o das molduras, efetuar a impermeabiliza\u00e7\u00e3o na parte superior e inferior da moldura para evitar a penetra\u00e7\u00e3o de \u00e1gua.<\/p>\n<p><img loading=\"lazy\" class=\"alignnone wp-image-2281\" src=\"http:\/\/isoplast.ind.br\/16\/wp-content\/uploads\/2016\/04\/sanca_06.jpg\" alt=\"sanca_06\" width=\"271\" height=\"231\" \/>\u00a0\u00a0\u00a0\u00a0 <img loading=\"lazy\" class=\"alignnone size-full wp-image-2282\" src=\"http:\/\/isoplast.ind.br\/16\/wp-content\/uploads\/2016\/04\/sanca_08.jpg\" alt=\"sanca_08\" width=\"270\" height=\"231\" \/>\u00a0\u00a0\u00a0 <img loading=\"lazy\" class=\"alignnone wp-image-2283\" src=\"http:\/\/isoplast.ind.br\/16\/wp-content\/uploads\/2016\/04\/sanca_09.jpg\" alt=\"sanca_09\" width=\"272\" height=\"232\" \/><\/p>\n<p>As molduras em EPS s\u00e3o f\u00e1ceis de aplicar nas fachadas, dando um acabamento excelente em edif\u00edcios estilizados.<\/p>\n<p><span class=\"style1\">ATEN\u00c7\u00c3O<\/span>: A <strong><span class=\"style2\">ISOPLAST<\/span><\/strong> n\u00e3o entrega as molduras com o acabamento final, as aplica\u00e7\u00f5es de revestimento de poli\u00e9ster, resinas e argamassa ciment\u00edcia s\u00e3o por conta do cliente.<\/p>\n<p><img loading=\"lazy\" class=\"alignnone wp-image-2284\" src=\"http:\/\/isoplast.ind.br\/16\/wp-content\/uploads\/2016\/04\/moldura13.jpg\" alt=\"moldura13\" width=\"320\" height=\"240\" srcset=\"http:\/\/isoplast.ind.br\/16\/wp-content\/uploads\/2016\/04\/moldura13.jpg 1200w, http:\/\/isoplast.ind.br\/16\/wp-content\/uploads\/2016\/04\/moldura13-570x428.jpg 570w, http:\/\/isoplast.ind.br\/16\/wp-content\/uploads\/2016\/04\/moldura13-300x225.jpg 300w, http:\/\/isoplast.ind.br\/16\/wp-content\/uploads\/2016\/04\/moldura13-768x576.jpg 768w, http:\/\/isoplast.ind.br\/16\/wp-content\/uploads\/2016\/04\/moldura13-1024x768.jpg 1024w\" sizes=\"(max-width: 320px) 100vw, 320px\" \/>\u00a0\u00a0\u00a0\u00a0 <img loading=\"lazy\" class=\"alignnone wp-image-2285\" src=\"http:\/\/isoplast.ind.br\/16\/wp-content\/uploads\/2016\/04\/sanca_10.jpg\" alt=\"sanca_10\" width=\"284\" height=\"242\" \/>\u00a0\u00a0\u00a0\u00a0 <img loading=\"lazy\" class=\"alignnone wp-image-2286\" src=\"http:\/\/isoplast.ind.br\/16\/wp-content\/uploads\/2016\/04\/sanca_11.jpg\" alt=\"sanca_11\" width=\"284\" height=\"242\" \/>[\/vc_column_text][\/vc_tta_section][\/vc_tta_accordion][\/vc_column][\/vc_row]<\/p>\n","protected":false},"excerpt":{"rendered":"<p><strong><span class=\"style1\">ATEN\u00c7\u00c3O<\/span>: A <span class=\"style2\">ISOPLAST<\/span> n\u00e3o entrega as Molduras com o acabamento final. Aplica\u00e7\u00e3o da tela de poli\u00e9ster, resinas e argamassa ciment\u00edcia s\u00e3o por conta do cliente. <\/strong><\/p>\n<p><strong>Acesse os v\u00eddeos abaixo sobre aplica\u00e7\u00e3o e revestimento:<\/strong><\/p>\n<p><strong>\u00a0 \u00a0 &#8211; Aplica\u00e7\u00e3o: <a href=\"https:\/\/youtu.be\/V6LdSui1UPY\" target=\"_blank\" rel=\"noopener\">https:\/\/youtu.be\/V6LdSui1UPY<\/a><br \/>\n<\/strong><\/p>\n<p><strong>\u00a0\u00a0\u00a0 &#8211; Revestimento: <a href=\"https:\/\/youtu.be\/_ZY9GeWKG7c\" target=\"_blank\" rel=\"noopener\">https:\/\/youtu.be\/_ZY9GeWKG7c<\/a><br \/>\n<\/strong><\/p>\n<p>&nbsp;<\/p>\n<hr \/>\n<p><strong><span style=\"color: #000000;\">BAIXE NOSSO CAT\u00c1LOGO E SAIBA MAIS:<\/span><\/strong><\/p>\n<p><a title=\"Clique para baixar\" href=\"http:\/\/isoplast.ind.br\/16\/download\/catalogo_construcao_civil.pdf\" target=\"_blank\" rel=\"noopener\"><img loading=\"lazy\" class=\"alignnone wp-image-1945\" src=\"http:\/\/isoplast.ind.br\/16\/wp-content\/uploads\/2016\/03\/catalogo_construcao_civil-213x300.jpg\" alt=\"catalogo_construcao_civil\" width=\"100\" height=\"141\" srcset=\"http:\/\/isoplast.ind.br\/16\/wp-content\/uploads\/2016\/03\/catalogo_construcao_civil-213x300.jpg 213w, http:\/\/isoplast.ind.br\/16\/wp-content\/uploads\/2016\/03\/catalogo_construcao_civil.jpg 457w\" sizes=\"(max-width: 100px) 100vw, 100px\" \/><\/a>\u00a0\u00a0\u00a0\u00a0 <a href=\"http:\/\/isoplast.ind.br\/16\/download\/folder_molduras_internas_eps_isoplast.pdf\" target=\"_blank\" rel=\"noopener\"><img loading=\"lazy\" class=\"alignnone wp-image-2287\" src=\"http:\/\/isoplast.ind.br\/16\/wp-content\/uploads\/2016\/04\/capa_molduras_internas.jpg\" alt=\"capa_molduras_internas\" width=\"99\" height=\"140\" srcset=\"http:\/\/isoplast.ind.br\/16\/wp-content\/uploads\/2016\/04\/capa_molduras_internas.jpg 458w, http:\/\/isoplast.ind.br\/16\/wp-content\/uploads\/2016\/04\/capa_molduras_internas-212x300.jpg 212w\" sizes=\"(max-width: 99px) 100vw, 99px\" \/><\/a><\/p>\n<hr \/>\n<p>[vc_row][vc_column][ultimate_modal modal_title=\"FORMUL\u00c1RIO DE COTA\u00c7\u00c3O:\" btn_bg_color=\"#1e73be\" btn_txt_color=\"#ffffff\" modal_on_align=\"left\" btn_text=\"SOLICITE UMA COTA\u00c7\u00c3O\" modal_size=\"medium\"][contact-form-7 id=\"1057\" title=\"Formul\u00e1rio de contato 1\"][\/ultimate_modal][\/vc_column][\/vc_row]<\/p>\n","protected":false},"featured_media":2276,"comment_status":"open","ping_status":"closed","template":"","meta":[],"yoast_head":"<!-- This site is optimized with the Yoast SEO plugin v15.5 - https:\/\/yoast.com\/wordpress\/plugins\/seo\/ -->\n<title>Molduras Decorativas EPS(Isopor\u00ae) - Isoplast Ltda<\/title>\n<meta name=\"robots\" content=\"index, follow, max-snippet:-1, max-image-preview:large, max-video-preview:-1\" \/>\n<link rel=\"canonical\" href=\"https:\/\/isoplast.ind.br\/16\/produto\/molduras-decorativas-epsisopor\" \/>\n<meta property=\"og:locale\" content=\"pt_BR\" \/>\n<meta property=\"og:type\" content=\"article\" \/>\n<meta property=\"og:title\" content=\"Molduras Decorativas EPS(Isopor\u00ae) - Isoplast Ltda\" \/>\n<meta property=\"og:description\" content=\"ATEN\u00c7\u00c3O: A ISOPLAST n\u00e3o entrega as Molduras com o acabamento final. Aplica\u00e7\u00e3o da tela de poli\u00e9ster, resinas e argamassa ciment\u00edcia s\u00e3o por conta do cliente.   Acesse os v\u00eddeos abaixo sobre aplica\u00e7\u00e3o e revestimento:  \u00a0 \u00a0 - Aplica\u00e7\u00e3o: https:\/\/youtu.be\/V6LdSui1UPY   \u00a0\u00a0\u00a0 - Revestimento: https:\/\/youtu.be\/_ZY9GeWKG7c   &nbsp;    BAIXE NOSSO CAT\u00c1LOGO E SAIBA MAIS:  \u00a0\u00a0\u00a0\u00a0     [vc_row][vc_column][\/vc_column][\/vc_row]\" \/>\n<meta property=\"og:url\" content=\"https:\/\/isoplast.ind.br\/16\/produto\/molduras-decorativas-epsisopor\" \/>\n<meta property=\"og:site_name\" content=\"Isoplast Ltda\" \/>\n<meta property=\"article:modified_time\" content=\"2021-05-08T15:13:38+00:00\" \/>\n<meta property=\"og:image\" content=\"http:\/\/isoplast.ind.br\/16\/wp-content\/uploads\/2016\/04\/moldura_capa_interna.jpg\" \/>\n\t<meta property=\"og:image:width\" content=\"800\" \/>\n\t<meta property=\"og:image:height\" content=\"798\" \/>\n<meta name=\"twitter:card\" content=\"summary\" \/>\n<meta name=\"twitter:label1\" content=\"Est. reading time\">\n\t<meta name=\"twitter:data1\" content=\"2 minutos\">\n<script type=\"application\/ld+json\" class=\"yoast-schema-graph\">{\"@context\":\"https:\/\/schema.org\",\"@graph\":[{\"@type\":\"WebSite\",\"@id\":\"https:\/\/isoplast.ind.br\/16\/#website\",\"url\":\"https:\/\/isoplast.ind.br\/16\/\",\"name\":\"Isoplast Ltda\",\"description\":\"Tecnologia em EPS!\",\"potentialAction\":[{\"@type\":\"SearchAction\",\"target\":\"https:\/\/isoplast.ind.br\/16\/?s={search_term_string}\",\"query-input\":\"required name=search_term_string\"}],\"inLanguage\":\"pt-BR\"},{\"@type\":\"ImageObject\",\"@id\":\"https:\/\/isoplast.ind.br\/16\/produto\/molduras-decorativas-epsisopor#primaryimage\",\"inLanguage\":\"pt-BR\",\"url\":\"http:\/\/isoplast.ind.br\/16\/wp-content\/uploads\/2016\/04\/moldura_capa_interna.jpg\",\"width\":800,\"height\":798},{\"@type\":\"WebPage\",\"@id\":\"https:\/\/isoplast.ind.br\/16\/produto\/molduras-decorativas-epsisopor#webpage\",\"url\":\"https:\/\/isoplast.ind.br\/16\/produto\/molduras-decorativas-epsisopor\",\"name\":\"Molduras Decorativas EPS(Isopor\\u00ae) - Isoplast Ltda\",\"isPartOf\":{\"@id\":\"https:\/\/isoplast.ind.br\/16\/#website\"},\"primaryImageOfPage\":{\"@id\":\"https:\/\/isoplast.ind.br\/16\/produto\/molduras-decorativas-epsisopor#primaryimage\"},\"datePublished\":\"2016-04-30T23:04:03+00:00\",\"dateModified\":\"2021-05-08T15:13:38+00:00\",\"inLanguage\":\"pt-BR\",\"potentialAction\":[{\"@type\":\"ReadAction\",\"target\":[\"https:\/\/isoplast.ind.br\/16\/produto\/molduras-decorativas-epsisopor\"]}]}]}<\/script>\n<!-- \/ Yoast SEO plugin. -->","_links":{"self":[{"href":"http:\/\/isoplast.ind.br\/16\/wp-json\/wp\/v2\/product\/2269"}],"collection":[{"href":"http:\/\/isoplast.ind.br\/16\/wp-json\/wp\/v2\/product"}],"about":[{"href":"http:\/\/isoplast.ind.br\/16\/wp-json\/wp\/v2\/types\/product"}],"replies":[{"embeddable":true,"href":"http:\/\/isoplast.ind.br\/16\/wp-json\/wp\/v2\/comments?post=2269"}],"wp:featuredmedia":[{"embeddable":true,"href":"http:\/\/isoplast.ind.br\/16\/wp-json\/wp\/v2\/media\/2276"}],"wp:attachment":[{"href":"http:\/\/isoplast.ind.br\/16\/wp-json\/wp\/v2\/media?parent=2269"}],"curies":[{"name":"wp","href":"https:\/\/api.w.org\/{rel}","templated":true}]}}