{"id":2210,"date":"2016-04-23T23:21:29","date_gmt":"2016-04-23T23:21:29","guid":{"rendered":"http:\/\/isoplast.ind.br\/16\/produtos\/placas-eps-isopor-copia\/"},"modified":"2021-05-08T15:12:20","modified_gmt":"2021-05-08T15:12:20","slug":"placas-eps-isopor-para-forro-decorativo","status":"publish","type":"product","link":"http:\/\/isoplast.ind.br\/16\/produto\/placas-eps-isopor-para-forro-decorativo","title":{"rendered":"Placas EPS Forro Decorativo"},"content":{"rendered":"<p>[vc_row css=&#8221;.vc_custom_1461374660102{margin-bottom: 10px !important;}&#8221;][vc_column][vc_custom_heading text=&#8221;CONHE\u00c7A UM POUCO MAIS SOBRE AS PLACAS EPS (Isopor\u00ae) PARA FORRO DECORATIVO E ISOLANTE&#8221;][\/vc_column][\/vc_row][vc_row css=&#8221;.vc_custom_1460299448665{margin-bottom: 40px !important;}&#8221;][vc_column][vc_column_text]<\/p>\n<p style=\"text-align: justify;\">H\u00e1 v\u00e1rias solu\u00e7\u00f5es arquitet\u00f4nicas que demandam forros sob telhados ou sob lajes estruturais que suportam instala\u00e7\u00f5es e tubula\u00e7\u00f5es que devem ser forradas. O forro com placas EPS sustentadas por perfis met\u00e1licos \u00e9 um dos mais pr\u00e1ticos, baratos e eficazes quanto ao isolamento t\u00e9rmico do ambiente.<\/p>\n<p style=\"text-align: justify;\">O Sistema de sustenta\u00e7\u00e3o \u00e9 muito simples. Pode se constituir de perfilados de chapa galvanizada pintada, suspensos por tirantes. As placas de EPS s\u00e3o autoportantes, isolantes e imperme\u00e1veis; permitem relevos decorativos e podem ser pintadas com tintas com base PVA e acr\u00edlicas. S\u00e3o de manuseio muito f\u00e1cil, antial\u00e9rgicas e imunes ao ataque de cupins.<\/p>\n<p><img loading=\"lazy\" class=\"alignnone wp-image-2218\" src=\"http:\/\/isoplast.ind.br\/16\/wp-content\/uploads\/2016\/04\/eps_forro.jpg\" alt=\"eps_forro\" width=\"330\" height=\"281\" \/>\u00a0\u00a0\u00a0 <img loading=\"lazy\" class=\"alignnone wp-image-2215\" src=\"http:\/\/isoplast.ind.br\/16\/wp-content\/uploads\/2016\/04\/forro_eps_2.jpg\" alt=\"forro_eps_2\" width=\"330\" height=\"281\" \/>\u00a0\u00a0<img loading=\"lazy\" class=\"alignnone wp-image-2234\" src=\"http:\/\/isoplast.ind.br\/16\/wp-content\/uploads\/2016\/04\/placas_espessuras_3.jpg\" alt=\"placas_espessuras_3\" width=\"375\" height=\"282\" srcset=\"http:\/\/isoplast.ind.br\/16\/wp-content\/uploads\/2016\/04\/placas_espessuras_3.jpg 800w, http:\/\/isoplast.ind.br\/16\/wp-content\/uploads\/2016\/04\/placas_espessuras_3-570x428.jpg 570w, http:\/\/isoplast.ind.br\/16\/wp-content\/uploads\/2016\/04\/placas_espessuras_3-300x225.jpg 300w, http:\/\/isoplast.ind.br\/16\/wp-content\/uploads\/2016\/04\/placas_espessuras_3-768x576.jpg 768w\" sizes=\"(max-width: 375px) 100vw, 375px\" \/><\/p>\n<p style=\"text-align: justify;\">O Aspecto final do forro com EPS \u00e9 muito agrad\u00e1vel e a possibilidade de pintura oferece novas op\u00e7\u00f5es para a decora\u00e7\u00e3o do ambiente.<\/p>\n<p style=\"text-align: justify;\">A caracter\u00edstica principal desse produto \u00e9 a \u00f3tima capacidade para isolamento t\u00e9rmico, reduzindo at\u00e9 mesmo os custos com o consumo de ar condicionado.<\/p>\n<p style=\"text-align: justify;\">As placas para forro de EPS da <strong>ISOPLAST<\/strong> s\u00e3o econ\u00f4micos, pr\u00e1ticos e bonitos. S\u00e3o desenvolvidos para serem auto-extingu\u00edveis, garantindo a seguran\u00e7a e bem estar em hot\u00e9is, restaurantes, escrit\u00f3rios, escolas, etc. S\u00e3o fornecidos na sua forma natural, mas podem receber\u00a0 texturas na face aparente ou serem pintados com tinta acr\u00edlica branca fosca.<\/p>\n<p style=\"text-align: justify;\"><img loading=\"lazy\" class=\"alignnone wp-image-2228\" src=\"http:\/\/isoplast.ind.br\/16\/wp-content\/uploads\/2016\/04\/foto_02_forro_isopor_curitiba.jpg\" alt=\"foto_02_forro_isopor_curitiba\" width=\"225\" height=\"169\" srcset=\"http:\/\/isoplast.ind.br\/16\/wp-content\/uploads\/2016\/04\/foto_02_forro_isopor_curitiba.jpg 1000w, http:\/\/isoplast.ind.br\/16\/wp-content\/uploads\/2016\/04\/foto_02_forro_isopor_curitiba-570x428.jpg 570w, http:\/\/isoplast.ind.br\/16\/wp-content\/uploads\/2016\/04\/foto_02_forro_isopor_curitiba-300x225.jpg 300w, http:\/\/isoplast.ind.br\/16\/wp-content\/uploads\/2016\/04\/foto_02_forro_isopor_curitiba-768x576.jpg 768w\" sizes=\"(max-width: 225px) 100vw, 225px\" \/>\u00a0 <img loading=\"lazy\" class=\"alignnone wp-image-2231\" src=\"http:\/\/isoplast.ind.br\/16\/wp-content\/uploads\/2016\/04\/perfil-para-forro-de-isopor.jpg\" alt=\"perfil-para-forro-de-isopor\" width=\"295\" height=\"167\" srcset=\"http:\/\/isoplast.ind.br\/16\/wp-content\/uploads\/2016\/04\/perfil-para-forro-de-isopor.jpg 400w, http:\/\/isoplast.ind.br\/16\/wp-content\/uploads\/2016\/04\/perfil-para-forro-de-isopor-300x170.jpg 300w\" sizes=\"(max-width: 295px) 100vw, 295px\" \/>\u00a0 <img loading=\"lazy\" class=\"alignnone wp-image-2232\" src=\"http:\/\/isoplast.ind.br\/16\/wp-content\/uploads\/2016\/04\/ISOPOR-CERTA2.jpg\" alt=\"ISOPOR-CERTA2\" width=\"166\" height=\"166\" srcset=\"http:\/\/isoplast.ind.br\/16\/wp-content\/uploads\/2016\/04\/ISOPOR-CERTA2.jpg 1181w, http:\/\/isoplast.ind.br\/16\/wp-content\/uploads\/2016\/04\/ISOPOR-CERTA2-270x270.jpg 270w, http:\/\/isoplast.ind.br\/16\/wp-content\/uploads\/2016\/04\/ISOPOR-CERTA2-100x100.jpg 100w, http:\/\/isoplast.ind.br\/16\/wp-content\/uploads\/2016\/04\/ISOPOR-CERTA2-570x570.jpg 570w, http:\/\/isoplast.ind.br\/16\/wp-content\/uploads\/2016\/04\/ISOPOR-CERTA2-150x150.jpg 150w, http:\/\/isoplast.ind.br\/16\/wp-content\/uploads\/2016\/04\/ISOPOR-CERTA2-300x300.jpg 300w, http:\/\/isoplast.ind.br\/16\/wp-content\/uploads\/2016\/04\/ISOPOR-CERTA2-768x768.jpg 768w, http:\/\/isoplast.ind.br\/16\/wp-content\/uploads\/2016\/04\/ISOPOR-CERTA2-1024x1024.jpg 1024w\" sizes=\"(max-width: 166px) 100vw, 166px\" \/>\u00a0 <img loading=\"lazy\" class=\"alignnone wp-image-2227\" src=\"http:\/\/isoplast.ind.br\/16\/wp-content\/uploads\/2016\/04\/forrodeisopor1.jpg\" alt=\"forrodeisopor1\" width=\"293\" height=\"165\" srcset=\"http:\/\/isoplast.ind.br\/16\/wp-content\/uploads\/2016\/04\/forrodeisopor1.jpg 640w, http:\/\/isoplast.ind.br\/16\/wp-content\/uploads\/2016\/04\/forrodeisopor1-570x321.jpg 570w, http:\/\/isoplast.ind.br\/16\/wp-content\/uploads\/2016\/04\/forrodeisopor1-300x169.jpg 300w\" sizes=\"(max-width: 293px) 100vw, 293px\" \/><\/p>\n<p style=\"text-align: justify;\"><strong>ANTES E DEPOIS:<\/strong><\/p>\n<p style=\"text-align: justify;\"><img loading=\"lazy\" class=\"alignnone wp-image-2229\" src=\"http:\/\/isoplast.ind.br\/16\/wp-content\/uploads\/2016\/04\/isopor_caverna03.jpg\" alt=\"isopor_caverna03\" width=\"400\" height=\"300\" srcset=\"http:\/\/isoplast.ind.br\/16\/wp-content\/uploads\/2016\/04\/isopor_caverna03.jpg 700w, http:\/\/isoplast.ind.br\/16\/wp-content\/uploads\/2016\/04\/isopor_caverna03-570x428.jpg 570w, http:\/\/isoplast.ind.br\/16\/wp-content\/uploads\/2016\/04\/isopor_caverna03-300x225.jpg 300w\" sizes=\"(max-width: 400px) 100vw, 400px\" \/>\u00a0\u00a0\u00a0\u00a0\u00a0 <img loading=\"lazy\" class=\"alignnone wp-image-2230\" src=\"http:\/\/isoplast.ind.br\/16\/wp-content\/uploads\/2016\/04\/isopor_caverna06.jpg\" alt=\"isopor_caverna06\" width=\"400\" height=\"300\" srcset=\"http:\/\/isoplast.ind.br\/16\/wp-content\/uploads\/2016\/04\/isopor_caverna06.jpg 700w, http:\/\/isoplast.ind.br\/16\/wp-content\/uploads\/2016\/04\/isopor_caverna06-570x428.jpg 570w, http:\/\/isoplast.ind.br\/16\/wp-content\/uploads\/2016\/04\/isopor_caverna06-300x225.jpg 300w\" sizes=\"(max-width: 400px) 100vw, 400px\" \/><\/p>\n<p style=\"text-align: justify;\"><img loading=\"lazy\" class=\"alignnone wp-image-2226\" src=\"http:\/\/isoplast.ind.br\/16\/wp-content\/uploads\/2016\/04\/0017_11.jpg\" alt=\"0017_11\" width=\"401\" height=\"226\" srcset=\"http:\/\/isoplast.ind.br\/16\/wp-content\/uploads\/2016\/04\/0017_11.jpg 1000w, http:\/\/isoplast.ind.br\/16\/wp-content\/uploads\/2016\/04\/0017_11-570x321.jpg 570w, http:\/\/isoplast.ind.br\/16\/wp-content\/uploads\/2016\/04\/0017_11-300x169.jpg 300w, http:\/\/isoplast.ind.br\/16\/wp-content\/uploads\/2016\/04\/0017_11-768x432.jpg 768w\" sizes=\"(max-width: 401px) 100vw, 401px\" \/>\u00a0\u00a0\u00a0\u00a0\u00a0 <img loading=\"lazy\" class=\"alignnone wp-image-2225\" src=\"http:\/\/isoplast.ind.br\/16\/wp-content\/uploads\/2016\/04\/0016_12.jpg\" alt=\"0016_12\" width=\"401\" height=\"226\" srcset=\"http:\/\/isoplast.ind.br\/16\/wp-content\/uploads\/2016\/04\/0016_12.jpg 1000w, http:\/\/isoplast.ind.br\/16\/wp-content\/uploads\/2016\/04\/0016_12-570x321.jpg 570w, http:\/\/isoplast.ind.br\/16\/wp-content\/uploads\/2016\/04\/0016_12-300x169.jpg 300w, http:\/\/isoplast.ind.br\/16\/wp-content\/uploads\/2016\/04\/0016_12-768x432.jpg 768w\" sizes=\"(max-width: 401px) 100vw, 401px\" \/><\/p>\n<p>[\/vc_column_text][\/vc_column][\/vc_row][vc_row css=&#8221;.vc_custom_1460242056107{margin-bottom: 40px !important;}&#8221;][vc_column][vc_tta_accordion][vc_tta_section title=&#8221;PROPRIEDADES DAS PLACAS PARA FORRO DECORATIVO E ISOLANTE ISOPLAST&#8221; tab_id=&#8221;1461271099901-0487d4c3-44b8&#8243;][vc_column_text]<\/p>\n<p style=\"text-align: justify;\"><img loading=\"lazy\" class=\"alignnone wp-image-2216\" src=\"http:\/\/isoplast.ind.br\/16\/wp-content\/uploads\/2016\/04\/forro_eps_3.jpg\" alt=\"forro_eps_3\" width=\"330\" height=\"281\" \/>\u00a0\u00a0\u00a0\u00a0\u00a0 <img loading=\"lazy\" class=\"alignnone wp-image-2217\" src=\"http:\/\/isoplast.ind.br\/16\/wp-content\/uploads\/2016\/04\/forro_eps_4.jpg\" alt=\"forro_eps_4\" width=\"330\" height=\"281\" \/><\/p>\n<ul type=\"disc\">\n<li style=\"text-align: justify;\">Podem receber pintura com tintas sol\u00faveis em \u00e1gua.<\/li>\n<li style=\"text-align: justify;\">Baixa massa espec\u00edfica: s\u00e3o leves.<\/li>\n<li style=\"text-align: justify;\">Baixo coeficiente de condutividade t\u00e9rmica: por serem de <strong>poliestireno expandido<\/strong>, atuam tamb\u00e9m como <strong>isolantes t\u00e9rmicos<\/strong> nos ambientes.<\/li>\n<li style=\"text-align: justify;\">Baixa absor\u00e7\u00e3o de \u00e1gua: apesar de absorver pequenas quantidades de \u00e1gua, mant\u00e9m suas propriedades mec\u00e2nicas e de isola\u00e7\u00e3o t\u00e9rmica.<\/li>\n<li style=\"text-align: justify;\">Fogo: fornecidos com aditivo retardante \u00e0 chama.<\/li>\n<li style=\"text-align: justify;\">Economia: forros de baixo custo, aliando pre\u00e7o e beleza.<\/li>\n<li style=\"text-align: justify;\">F\u00e1cil instala\u00e7\u00e3o.<\/li>\n<li style=\"text-align: justify;\">N\u00e3o mofam, n\u00e3o cont\u00e9m CFC (clorofluorcarbono) e n\u00e3o s\u00e3o atacados por insetos ou roedores.<\/li>\n<\/ul>\n<p>[\/vc_column_text][\/vc_tta_section][vc_tta_section title=&#8221;PRINCIPAIS APLICA\u00c7\u00d5ES&#8221; tab_id=&#8221;1460241580289-2075081f-f25a&#8221;][vc_column_text]<img loading=\"lazy\" class=\"wp-image-2219 alignright\" src=\"http:\/\/isoplast.ind.br\/16\/wp-content\/uploads\/2016\/04\/forro_eps_1.jpg\" alt=\"forro_eps_1\" width=\"330\" height=\"281\" \/><img loading=\"lazy\" class=\"wp-image-2223 alignright\" src=\"http:\/\/isoplast.ind.br\/16\/wp-content\/uploads\/2016\/04\/20150416_154423.jpg\" alt=\"20150416_154423\" width=\"373\" height=\"280\" srcset=\"http:\/\/isoplast.ind.br\/16\/wp-content\/uploads\/2016\/04\/20150416_154423.jpg 600w, http:\/\/isoplast.ind.br\/16\/wp-content\/uploads\/2016\/04\/20150416_154423-570x428.jpg 570w, http:\/\/isoplast.ind.br\/16\/wp-content\/uploads\/2016\/04\/20150416_154423-300x225.jpg 300w\" sizes=\"(max-width: 373px) 100vw, 373px\" \/><\/p>\n<ul>\n<li>Ind\u00fastrias<\/li>\n<li>Escrit\u00f3rios e pr\u00e9dios comerciais<\/li>\n<li>Supermercados<\/li>\n<li>Lojas<\/li>\n<li>Restaurantes<\/li>\n<li>Escolas<\/li>\n<li>Hospitais<\/li>\n<li>Universidades<\/li>\n<li>Cinemas<\/li>\n<li>Consult\u00f3rios, etc.<\/li>\n<\/ul>\n<p>[\/vc_column_text][\/vc_tta_section][\/vc_tta_accordion][\/vc_column][\/vc_row]<\/p>\n","protected":false},"excerpt":{"rendered":"<p><strong>Medidas:<br \/>\n&#8211; 1200 x 600 x (espe.)\u00a0 mm<br \/>\n&#8211; 1250 x 625 x (espe.)\u00a0 mm<br \/>\n<\/strong><\/p>\n<p><strong>Espessuras mais usadas:<br \/>\n&#8211; 20, 25, 30, 35 e 40mm <\/strong><\/p>\n<p><strong>Cor: Branco sem Te<\/strong><strong>xtura<\/strong><\/p>\n<p><strong>Material: &#8220;F&#8221; Retardante a Chamas (anti-chamas)<br \/>\n<\/strong><\/p>\n<p><strong>Densidade=~10kg\/m\u00b3<\/strong><\/p>\n<p><strong>Obs.: Revestimento e sistema de sustenta\u00e7\u00e3o por conta do cliente.<\/strong><\/p>\n<hr \/>\n<p><strong><span style=\"color: #000000;\">BAIXE NOSSO CAT\u00c1LOGO E SAIBA MAIS:<\/span><\/strong><\/p>\n<p><a title=\"Clique para baixar\" href=\"http:\/\/isoplast.ind.br\/16\/download\/catalogo_construcao_civil.pdf\" target=\"_blank\" rel=\"noopener\"><img loading=\"lazy\" class=\"alignnone wp-image-1945\" src=\"http:\/\/isoplast.ind.br\/16\/wp-content\/uploads\/2016\/03\/catalogo_construcao_civil-213x300.jpg\" alt=\"catalogo_construcao_civil\" width=\"100\" height=\"141\" srcset=\"http:\/\/isoplast.ind.br\/16\/wp-content\/uploads\/2016\/03\/catalogo_construcao_civil-213x300.jpg 213w, http:\/\/isoplast.ind.br\/16\/wp-content\/uploads\/2016\/03\/catalogo_construcao_civil.jpg 457w\" sizes=\"(max-width: 100px) 100vw, 100px\" \/><\/a><\/p>\n<hr \/>\n<p>[vc_row][vc_column][ultimate_modal modal_title=\"FORMUL\u00c1RIO DE COTA\u00c7\u00c3O:\" btn_bg_color=\"#1e73be\" btn_txt_color=\"#ffffff\" modal_on_align=\"left\" btn_text=\"SOLICITE UMA COTA\u00c7\u00c3O\" modal_size=\"medium\"][contact-form-7 id=\"1057\" title=\"Formul\u00e1rio de contato 1\"][\/ultimate_modal][\/vc_column][\/vc_row]<\/p>\n","protected":false},"featured_media":2234,"comment_status":"open","ping_status":"closed","template":"","meta":[],"yoast_head":"<!-- This site is optimized with the Yoast SEO plugin v15.5 - https:\/\/yoast.com\/wordpress\/plugins\/seo\/ -->\n<title>Placas EPS Forro Decorativo - Isoplast Ltda<\/title>\n<meta name=\"robots\" content=\"index, follow, max-snippet:-1, max-image-preview:large, max-video-preview:-1\" \/>\n<link rel=\"canonical\" href=\"https:\/\/isoplast.ind.br\/16\/produto\/placas-eps-isopor-para-forro-decorativo\" \/>\n<meta property=\"og:locale\" content=\"pt_BR\" \/>\n<meta property=\"og:type\" content=\"article\" \/>\n<meta property=\"og:title\" content=\"Placas EPS Forro Decorativo - Isoplast Ltda\" \/>\n<meta property=\"og:description\" content=\"Medidas: - 1200 x 600 x (espe.)\u00a0 mm - 1250 x 625 x (espe.)\u00a0 mm   Espessuras mais usadas: - 20, 25, 30, 35 e 40mm   Cor: Branco sem Textura  Material: &quot;F&quot; Retardante a Chamas (anti-chamas)   Densidade=~10kg\/m\u00b3  Obs.: Revestimento e sistema de sustenta\u00e7\u00e3o por conta do cliente.    BAIXE NOSSO CAT\u00c1LOGO E SAIBA MAIS:      [vc_row][vc_column][\/vc_column][\/vc_row]\" \/>\n<meta property=\"og:url\" content=\"https:\/\/isoplast.ind.br\/16\/produto\/placas-eps-isopor-para-forro-decorativo\" \/>\n<meta property=\"og:site_name\" content=\"Isoplast Ltda\" \/>\n<meta property=\"article:modified_time\" content=\"2021-05-08T15:12:20+00:00\" \/>\n<meta property=\"og:image\" content=\"http:\/\/isoplast.ind.br\/16\/wp-content\/uploads\/2016\/04\/placas_espessuras_3.jpg\" \/>\n\t<meta property=\"og:image:width\" content=\"800\" \/>\n\t<meta property=\"og:image:height\" content=\"600\" \/>\n<meta name=\"twitter:card\" content=\"summary\" \/>\n<meta name=\"twitter:label1\" content=\"Est. reading time\">\n\t<meta name=\"twitter:data1\" content=\"2 minutos\">\n<script type=\"application\/ld+json\" class=\"yoast-schema-graph\">{\"@context\":\"https:\/\/schema.org\",\"@graph\":[{\"@type\":\"WebSite\",\"@id\":\"https:\/\/isoplast.ind.br\/16\/#website\",\"url\":\"https:\/\/isoplast.ind.br\/16\/\",\"name\":\"Isoplast Ltda\",\"description\":\"Tecnologia em EPS!\",\"potentialAction\":[{\"@type\":\"SearchAction\",\"target\":\"https:\/\/isoplast.ind.br\/16\/?s={search_term_string}\",\"query-input\":\"required name=search_term_string\"}],\"inLanguage\":\"pt-BR\"},{\"@type\":\"ImageObject\",\"@id\":\"https:\/\/isoplast.ind.br\/16\/produto\/placas-eps-isopor-para-forro-decorativo#primaryimage\",\"inLanguage\":\"pt-BR\",\"url\":\"http:\/\/isoplast.ind.br\/16\/wp-content\/uploads\/2016\/04\/placas_espessuras_3.jpg\",\"width\":800,\"height\":600},{\"@type\":\"WebPage\",\"@id\":\"https:\/\/isoplast.ind.br\/16\/produto\/placas-eps-isopor-para-forro-decorativo#webpage\",\"url\":\"https:\/\/isoplast.ind.br\/16\/produto\/placas-eps-isopor-para-forro-decorativo\",\"name\":\"Placas EPS Forro Decorativo - Isoplast Ltda\",\"isPartOf\":{\"@id\":\"https:\/\/isoplast.ind.br\/16\/#website\"},\"primaryImageOfPage\":{\"@id\":\"https:\/\/isoplast.ind.br\/16\/produto\/placas-eps-isopor-para-forro-decorativo#primaryimage\"},\"datePublished\":\"2016-04-23T23:21:29+00:00\",\"dateModified\":\"2021-05-08T15:12:20+00:00\",\"inLanguage\":\"pt-BR\",\"potentialAction\":[{\"@type\":\"ReadAction\",\"target\":[\"https:\/\/isoplast.ind.br\/16\/produto\/placas-eps-isopor-para-forro-decorativo\"]}]}]}<\/script>\n<!-- \/ Yoast SEO plugin. -->","_links":{"self":[{"href":"http:\/\/isoplast.ind.br\/16\/wp-json\/wp\/v2\/product\/2210"}],"collection":[{"href":"http:\/\/isoplast.ind.br\/16\/wp-json\/wp\/v2\/product"}],"about":[{"href":"http:\/\/isoplast.ind.br\/16\/wp-json\/wp\/v2\/types\/product"}],"replies":[{"embeddable":true,"href":"http:\/\/isoplast.ind.br\/16\/wp-json\/wp\/v2\/comments?post=2210"}],"wp:featuredmedia":[{"embeddable":true,"href":"http:\/\/isoplast.ind.br\/16\/wp-json\/wp\/v2\/media\/2234"}],"wp:attachment":[{"href":"http:\/\/isoplast.ind.br\/16\/wp-json\/wp\/v2\/media?parent=2210"}],"curies":[{"name":"wp","href":"https:\/\/api.w.org\/{rel}","templated":true}]}}