{"id":2173,"date":"2016-04-21T21:07:22","date_gmt":"2016-04-21T21:07:22","guid":{"rendered":"http:\/\/isoplast.ind.br\/16\/produtos\/perolas-eps-isopor-para-argamassa-leve\/"},"modified":"2023-02-16T20:50:24","modified_gmt":"2023-02-16T20:50:24","slug":"perolas-eps-isopor-para-concreto-leve","status":"publish","type":"product","link":"http:\/\/isoplast.ind.br\/16\/produto\/perolas-eps-isopor-para-concreto-leve","title":{"rendered":"P\u00e9rolas EPS P\/ Concreto Leve"},"content":{"rendered":"<p>[vc_row css=&#8221;.vc_custom_1460299307319{margin-bottom: 20px !important;}&#8221;][vc_column][vc_custom_heading text=&#8221;CONHE\u00c7A UM POUCO MAIS SOBRE AS P\u00c9ROLAS EPS (Isopor\u00ae) PARA ARGAMASSA LEVE OU CONCRETO LEVE&#8221;][\/vc_column][\/vc_row][vc_row css=&#8221;.vc_custom_1460299448665{margin-bottom: 40px !important;}&#8221;][vc_column][vc_column_text]<\/p>\n<h6 style=\"text-align: justify;\">A mistura cimento-areia se solidifica, envolvendo as part\u00edculas de EPS, cujo volume \u00e9 constitu\u00eddo de 95% de ar, proporcionando um concreto de baixa densidade aparente.<\/h6>\n<p><img loading=\"lazy\" class=\"alignnone wp-image-2174\" src=\"http:\/\/isoplast.ind.br\/16\/wp-content\/uploads\/2016\/04\/DSCN8533_250.jpg\" alt=\"DSCN8533_250\" width=\"330\" height=\"248\" \/>\u00a0\u00a0\u00a0 <img loading=\"lazy\" class=\"alignnone wp-image-2175\" src=\"http:\/\/isoplast.ind.br\/16\/wp-content\/uploads\/2016\/04\/DSCN8538_250.jpg\" alt=\"DSCN8538_250\" width=\"330\" height=\"248\" \/>\u00a0\u00a0\u00a0 <img loading=\"lazy\" class=\"alignnone wp-image-2176\" src=\"http:\/\/isoplast.ind.br\/16\/wp-content\/uploads\/2016\/04\/DSCN8539_250.jpg\" alt=\"DSCN8539_250\" width=\"330\" height=\"248\" \/>[\/vc_column_text][\/vc_column][\/vc_row][vc_row css=&#8221;.vc_custom_1460242056107{margin-bottom: 40px !important;}&#8221;][vc_column][vc_tta_accordion][vc_tta_section title=&#8221;CARACTER\u00cdSTICAS E APLICA\u00c7\u00d5ES DO CONCRETO\/ARGAMASSA LEVE C\/ EPS&#8221; tab_id=&#8221;1461271099901-0487d4c3-44b8&#8243;][vc_column_text]<\/p>\n<h6><strong>Caracter\u00edsticas do concreto leve com EPS:<\/strong><\/h6>\n<h6>&#8211; Densidade aparente baixa<\/h6>\n<h6>&#8211; Resist\u00eancia mec\u00e2nica para aplica\u00e7\u00f5es n\u00e3o estruturais<\/h6>\n<h6>&#8211; Bom Isolamento t\u00e9rmico<\/h6>\n<h6>&#8211; Pequena absor\u00e7\u00e3o de umidade<\/h6>\n<h6>&#8211; Pode ser feito por m\u00e9todos convencionais de obra.<\/h6>\n<p><strong>\u00a0<\/strong><\/p>\n<h6><strong>Poss\u00edveis aplica\u00e7\u00f5es para o concreto leve com EPS:<\/strong><\/h6>\n<h6>&#8211; Regulariza\u00e7\u00e3o de lajes em geral<\/h6>\n<h6>&#8211; Pain\u00e9is para fechamento<\/h6>\n<h6>&#8211; Elementos pr\u00e9-fabricados<\/h6>\n<h6>&#8211; Pavimentos<\/h6>\n<h6>&#8211; Mobili\u00e1rio<\/h6>\n<h6>&#8211; \u00c1reas de lazer<\/h6>\n<p><img loading=\"lazy\" class=\"alignnone size-full wp-image-2177\" src=\"http:\/\/isoplast.ind.br\/16\/wp-content\/uploads\/2016\/04\/DSCN8546_250.jpg\" alt=\"DSCN8546_250\" width=\"250\" height=\"188\" \/>\u00a0\u00a0\u00a0\u00a0\u00a0 <img loading=\"lazy\" class=\"alignnone wp-image-2178\" src=\"http:\/\/isoplast.ind.br\/16\/wp-content\/uploads\/2016\/04\/isofloco_3.jpg\" alt=\"isofloco_3\" width=\"313\" height=\"188\" \/>\u00a0\u00a0\u00a0 \u00a0 <img loading=\"lazy\" class=\"alignnone wp-image-2179\" src=\"http:\/\/isoplast.ind.br\/16\/wp-content\/uploads\/2016\/04\/isofloco_4.jpg\" alt=\"isofloco_4\" width=\"313\" height=\"188\" \/>[\/vc_column_text][\/vc_tta_section][vc_tta_section title=&#8221;COMPOSI\u00c7\u00c3O DA MISTURA E GR\u00c1FICO DE RESIST\u00caNCIA&#8221; tab_id=&#8221;1460241580289-2075081f-f25a&#8221;][vc_column_text]<\/p>\n<p style=\"text-align: center;\"><img loading=\"lazy\" class=\"alignnone wp-image-2182\" src=\"http:\/\/isoplast.ind.br\/16\/wp-content\/uploads\/2016\/04\/composicao_concreto_leve_m3.jpg\" alt=\"composicao_concreto_leve_m3\" width=\"618\" height=\"302\" srcset=\"http:\/\/isoplast.ind.br\/16\/wp-content\/uploads\/2016\/04\/composicao_concreto_leve_m3.jpg 1256w, http:\/\/isoplast.ind.br\/16\/wp-content\/uploads\/2016\/04\/composicao_concreto_leve_m3-570x278.jpg 570w, http:\/\/isoplast.ind.br\/16\/wp-content\/uploads\/2016\/04\/composicao_concreto_leve_m3-300x146.jpg 300w, http:\/\/isoplast.ind.br\/16\/wp-content\/uploads\/2016\/04\/composicao_concreto_leve_m3-768x375.jpg 768w, http:\/\/isoplast.ind.br\/16\/wp-content\/uploads\/2016\/04\/composicao_concreto_leve_m3-1024x500.jpg 1024w\" sizes=\"(max-width: 618px) 100vw, 618px\" \/><\/p>\n<p style=\"text-align: center;\"><img loading=\"lazy\" class=\"alignnone wp-image-2183\" src=\"http:\/\/isoplast.ind.br\/16\/wp-content\/uploads\/2016\/04\/composicao_concreto_leve_saco.jpg\" alt=\"composicao_concreto_leve_saco\" width=\"616\" height=\"301\" srcset=\"http:\/\/isoplast.ind.br\/16\/wp-content\/uploads\/2016\/04\/composicao_concreto_leve_saco.jpg 1256w, http:\/\/isoplast.ind.br\/16\/wp-content\/uploads\/2016\/04\/composicao_concreto_leve_saco-570x279.jpg 570w, http:\/\/isoplast.ind.br\/16\/wp-content\/uploads\/2016\/04\/composicao_concreto_leve_saco-300x147.jpg 300w, http:\/\/isoplast.ind.br\/16\/wp-content\/uploads\/2016\/04\/composicao_concreto_leve_saco-768x375.jpg 768w, http:\/\/isoplast.ind.br\/16\/wp-content\/uploads\/2016\/04\/composicao_concreto_leve_saco-1024x501.jpg 1024w\" sizes=\"(max-width: 616px) 100vw, 616px\" \/><\/p>\n<p><img loading=\"lazy\" class=\"alignnone wp-image-2184 aligncenter\" src=\"http:\/\/isoplast.ind.br\/16\/wp-content\/uploads\/2016\/04\/grafico_concreto_leve.jpg\" alt=\"grafico_concreto_leve\" width=\"612\" height=\"306\" srcset=\"http:\/\/isoplast.ind.br\/16\/wp-content\/uploads\/2016\/04\/grafico_concreto_leve.jpg 1157w, http:\/\/isoplast.ind.br\/16\/wp-content\/uploads\/2016\/04\/grafico_concreto_leve-570x285.jpg 570w, http:\/\/isoplast.ind.br\/16\/wp-content\/uploads\/2016\/04\/grafico_concreto_leve-300x150.jpg 300w, http:\/\/isoplast.ind.br\/16\/wp-content\/uploads\/2016\/04\/grafico_concreto_leve-768x384.jpg 768w, http:\/\/isoplast.ind.br\/16\/wp-content\/uploads\/2016\/04\/grafico_concreto_leve-1024x512.jpg 1024w\" sizes=\"(max-width: 612px) 100vw, 612px\" \/>[\/vc_column_text][\/vc_tta_section][\/vc_tta_accordion][\/vc_column][\/vc_row]<\/p>\n","protected":false},"excerpt":{"rendered":"<p style=\"text-align: justify;\">\u00c9 um <strong>concreto\/argamassa<\/strong> do tipo cimento-areia que, no lugar da pedra britada, <strong>utiliza-se o EPS poliestireno expandido (isopor\u00ae)<\/strong> em formas de p\u00e9rolas pr\u00e9-expandidas, ou \u201cflocos\u201d de EPS reciclado. Utilizado na constru\u00e7\u00e3o civil, em componentes que n\u00e3o exigem grandes esfor\u00e7os.<\/p>\n<hr \/>\n<p><strong><span style=\"color: #000000;\">BAIXE NOSSO CAT\u00c1LOGO E SAIBA MAIS:<\/span><\/strong><\/p>\n<p><a title=\"Clique para baixar\" href=\"http:\/\/isoplast.ind.br\/16\/download\/catalogo_construcao_civil.pdf\" target=\"_blank\" rel=\"noopener\"><img loading=\"lazy\" class=\"alignnone wp-image-1945\" src=\"http:\/\/isoplast.ind.br\/16\/wp-content\/uploads\/2016\/03\/catalogo_construcao_civil-213x300.jpg\" alt=\"catalogo_construcao_civil\" width=\"100\" height=\"141\" srcset=\"http:\/\/isoplast.ind.br\/16\/wp-content\/uploads\/2016\/03\/catalogo_construcao_civil-213x300.jpg 213w, http:\/\/isoplast.ind.br\/16\/wp-content\/uploads\/2016\/03\/catalogo_construcao_civil.jpg 457w\" sizes=\"(max-width: 100px) 100vw, 100px\" \/><\/a><\/p>\n<hr \/>\n<p>[vc_row][vc_column][ultimate_modal modal_title=\"FORMUL\u00c1RIO DE COTA\u00c7\u00c3O:\" btn_bg_color=\"#1e73be\" btn_txt_color=\"#ffffff\" modal_on_align=\"left\" btn_text=\"SOLICITE UMA COTA\u00c7\u00c3O\" modal_size=\"medium\"][contact-form-7 id=\"1057\" title=\"Formul\u00e1rio de contato 1\"][\/ultimate_modal][\/vc_column][\/vc_row]<\/p>\n","protected":false},"featured_media":3319,"comment_status":"open","ping_status":"closed","template":"","meta":[],"yoast_head":"<!-- This site is optimized with the Yoast SEO plugin v15.5 - https:\/\/yoast.com\/wordpress\/plugins\/seo\/ -->\n<title>P\u00e9rolas EPS P\/ Concreto Leve - Isoplast Ltda<\/title>\n<meta name=\"robots\" content=\"index, follow, max-snippet:-1, max-image-preview:large, max-video-preview:-1\" \/>\n<link rel=\"canonical\" href=\"https:\/\/isoplast.ind.br\/16\/produto\/perolas-eps-isopor-para-concreto-leve\" \/>\n<meta property=\"og:locale\" content=\"pt_BR\" \/>\n<meta property=\"og:type\" content=\"article\" \/>\n<meta property=\"og:title\" content=\"P\u00e9rolas EPS P\/ Concreto Leve - Isoplast Ltda\" \/>\n<meta property=\"og:description\" content=\"\u00c9 um concreto\/argamassa do tipo cimento-areia que, no lugar da pedra britada, utiliza-se o EPS poliestireno expandido (isopor\u00ae) em formas de p\u00e9rolas pr\u00e9-expandidas, ou \u201cflocos\u201d de EPS reciclado. Utilizado na constru\u00e7\u00e3o civil, em componentes que n\u00e3o exigem grandes esfor\u00e7os.     BAIXE NOSSO CAT\u00c1LOGO E SAIBA MAIS:      [vc_row][vc_column][\/vc_column][\/vc_row]\" \/>\n<meta property=\"og:url\" content=\"https:\/\/isoplast.ind.br\/16\/produto\/perolas-eps-isopor-para-concreto-leve\" \/>\n<meta property=\"og:site_name\" content=\"Isoplast Ltda\" \/>\n<meta property=\"article:modified_time\" content=\"2023-02-16T20:50:24+00:00\" \/>\n<meta property=\"og:image\" content=\"http:\/\/isoplast.ind.br\/16\/wp-content\/uploads\/2016\/04\/perolas.jpg\" \/>\n\t<meta property=\"og:image:width\" content=\"518\" \/>\n\t<meta property=\"og:image:height\" content=\"521\" \/>\n<meta name=\"twitter:card\" content=\"summary\" \/>\n<meta name=\"twitter:label1\" content=\"Est. reading time\">\n\t<meta name=\"twitter:data1\" content=\"1 minuto\">\n<script type=\"application\/ld+json\" class=\"yoast-schema-graph\">{\"@context\":\"https:\/\/schema.org\",\"@graph\":[{\"@type\":\"WebSite\",\"@id\":\"https:\/\/isoplast.ind.br\/16\/#website\",\"url\":\"https:\/\/isoplast.ind.br\/16\/\",\"name\":\"Isoplast Ltda\",\"description\":\"Tecnologia em EPS!\",\"potentialAction\":[{\"@type\":\"SearchAction\",\"target\":\"https:\/\/isoplast.ind.br\/16\/?s={search_term_string}\",\"query-input\":\"required name=search_term_string\"}],\"inLanguage\":\"pt-BR\"},{\"@type\":\"ImageObject\",\"@id\":\"https:\/\/isoplast.ind.br\/16\/produto\/perolas-eps-isopor-para-concreto-leve#primaryimage\",\"inLanguage\":\"pt-BR\",\"url\":\"http:\/\/isoplast.ind.br\/16\/wp-content\/uploads\/2016\/04\/perolas.jpg\",\"width\":518,\"height\":521},{\"@type\":\"WebPage\",\"@id\":\"https:\/\/isoplast.ind.br\/16\/produto\/perolas-eps-isopor-para-concreto-leve#webpage\",\"url\":\"https:\/\/isoplast.ind.br\/16\/produto\/perolas-eps-isopor-para-concreto-leve\",\"name\":\"P\\u00e9rolas EPS P\/ Concreto Leve - Isoplast Ltda\",\"isPartOf\":{\"@id\":\"https:\/\/isoplast.ind.br\/16\/#website\"},\"primaryImageOfPage\":{\"@id\":\"https:\/\/isoplast.ind.br\/16\/produto\/perolas-eps-isopor-para-concreto-leve#primaryimage\"},\"datePublished\":\"2016-04-21T21:07:22+00:00\",\"dateModified\":\"2023-02-16T20:50:24+00:00\",\"inLanguage\":\"pt-BR\",\"potentialAction\":[{\"@type\":\"ReadAction\",\"target\":[\"https:\/\/isoplast.ind.br\/16\/produto\/perolas-eps-isopor-para-concreto-leve\"]}]}]}<\/script>\n<!-- \/ Yoast SEO plugin. -->","_links":{"self":[{"href":"http:\/\/isoplast.ind.br\/16\/wp-json\/wp\/v2\/product\/2173"}],"collection":[{"href":"http:\/\/isoplast.ind.br\/16\/wp-json\/wp\/v2\/product"}],"about":[{"href":"http:\/\/isoplast.ind.br\/16\/wp-json\/wp\/v2\/types\/product"}],"replies":[{"embeddable":true,"href":"http:\/\/isoplast.ind.br\/16\/wp-json\/wp\/v2\/comments?post=2173"}],"wp:featuredmedia":[{"embeddable":true,"href":"http:\/\/isoplast.ind.br\/16\/wp-json\/wp\/v2\/media\/3319"}],"wp:attachment":[{"href":"http:\/\/isoplast.ind.br\/16\/wp-json\/wp\/v2\/media?parent=2173"}],"curies":[{"name":"wp","href":"https:\/\/api.w.org\/{rel}","templated":true}]}}