{"id":1468,"date":"2015-11-20T18:15:48","date_gmt":"2015-11-20T18:15:48","guid":{"rendered":"http:\/\/isoplast.ind.br\/16\/?post_type=product&#038;p=1468"},"modified":"2021-05-08T15:21:59","modified_gmt":"2021-05-08T15:21:59","slug":"porta-litrao","status":"publish","type":"product","link":"http:\/\/isoplast.ind.br\/16\/produto\/porta-litrao","title":{"rendered":"Porta Litr\u00e3o"},"content":{"rendered":"<h4><strong>Baixe nosso Cat\u00e1logo completo da linha Utilit\u00e1rios de Consumo.<\/strong><\/h4>\n<p><img loading=\"lazy\" class=\"alignnone wp-image-1949\" src=\"http:\/\/isoplast.ind.br\/16\/wp-content\/uploads\/2016\/03\/cat_embalagens_de_consumo_mini-213x300.jpg\" alt=\"cat_embalagens_de_consumo_mini\" width=\"292\" height=\"412\" srcset=\"http:\/\/isoplast.ind.br\/16\/wp-content\/uploads\/2016\/03\/cat_embalagens_de_consumo_mini-213x300.jpg 213w, http:\/\/isoplast.ind.br\/16\/wp-content\/uploads\/2016\/03\/cat_embalagens_de_consumo_mini.jpg 437w\" sizes=\"(max-width: 292px) 100vw, 292px\" \/><\/p>\n<div class='w3eden'><!-- WPDM Link Template: Default Template -->\n\n\n<div class=\"link-template-default card mb-2\">\n    <div class=\"card-body\">\n        <div class=\"media stack-xs\">\n            <div class=\"media-body\">\n                <div class=\"media\">\n                    <div class=\"mr-3 img-48\"><img class=\"wpdm_icon\" alt=\"Icon\"   src=\"http:\/\/isoplast.ind.br\/16\/wp-content\/plugins\/download-manager\/assets\/file-type-icons\/pdf.png\" \/><\/div>\n                    <div class=\"media-body\">\n                        <h3 class=\"package-title\"><a href='http:\/\/isoplast.ind.br\/16\/download\/embalagens-de-consumo'>Embalagens de Consumo<\/a><\/h3>\n                        <div class=\"text-muted text-small\"><i class=\"fas fa-copy\"><\/i> 1 file(s) <i class=\"fas fa-hdd ml-3\"><\/i> 1.21 MB<\/div>\n                    <\/div>\n                <\/div>\n            <\/div>\n            <div class=\"ml-3 wpdmdl-btn\">\n                <a class='wpdm-download-link download-on-click btn btn-primary ' rel='nofollow' href='#' data-downloadurl=\"http:\/\/isoplast.ind.br\/16\/download\/embalagens-de-consumo?wpdmdl=1946&refresh=69e1c1f2073d11776402930\">CLIQUE AQUI PARA O DOWNLOAD<\/a>\n            <\/div>\n        <\/div>\n    <\/div>\n<\/div>\n\n\n<\/div>\n","protected":false},"excerpt":{"rendered":"<p><img loading=\"lazy\" class=\"alignnone wp-image-1868\" src=\"http:\/\/isoplast.ind.br\/16\/wp-content\/uploads\/2015\/11\/porta_litrao-300x135.jpg\" alt=\"porta_litrao\" width=\"392\" height=\"177\" srcset=\"http:\/\/isoplast.ind.br\/16\/wp-content\/uploads\/2015\/11\/porta_litrao-300x135.jpg 300w, http:\/\/isoplast.ind.br\/16\/wp-content\/uploads\/2015\/11\/porta_litrao-570x256.jpg 570w, http:\/\/isoplast.ind.br\/16\/wp-content\/uploads\/2015\/11\/porta_litrao-768x345.jpg 768w, http:\/\/isoplast.ind.br\/16\/wp-content\/uploads\/2015\/11\/porta_litrao-1024x460.jpg 1024w, http:\/\/isoplast.ind.br\/16\/wp-content\/uploads\/2015\/11\/porta_litrao.jpg 1115w\" sizes=\"(max-width: 392px) 100vw, 392px\" \/><\/p>\n<hr \/>\n<p>[vc_row][vc_column][ultimate_modal modal_title=\"FORMUL\u00c1RIO DE COTA\u00c7\u00c3O:\" btn_bg_color=\"#1e73be\" btn_txt_color=\"#ffffff\" modal_on_align=\"left\" btn_text=\"SOLICITE UMA COTA\u00c7\u00c3O\" modal_size=\"medium\"][contact-form-7 id=\"1057\" title=\"Formul\u00e1rio de contato 1\"][\/ultimate_modal][\/vc_column][\/vc_row]<\/p>\n","protected":false},"featured_media":1469,"comment_status":"open","ping_status":"closed","template":"","meta":[],"yoast_head":"<!-- This site is optimized with the Yoast SEO plugin v15.5 - https:\/\/yoast.com\/wordpress\/plugins\/seo\/ -->\n<title>Porta Litr\u00e3o - Isoplast Ltda<\/title>\n<meta name=\"robots\" content=\"index, follow, max-snippet:-1, max-image-preview:large, max-video-preview:-1\" \/>\n<link rel=\"canonical\" href=\"http:\/\/isoplast.ind.br\/16\/produto\/porta-litrao\" \/>\n<meta property=\"og:locale\" content=\"pt_BR\" \/>\n<meta property=\"og:type\" content=\"article\" \/>\n<meta property=\"og:title\" content=\"Porta Litr\u00e3o - Isoplast Ltda\" \/>\n<meta property=\"og:description\" content=\"[vc_row][vc_column][\/vc_column][\/vc_row]\" \/>\n<meta property=\"og:url\" content=\"http:\/\/isoplast.ind.br\/16\/produto\/porta-litrao\" \/>\n<meta property=\"og:site_name\" content=\"Isoplast Ltda\" \/>\n<meta property=\"article:modified_time\" content=\"2021-05-08T15:21:59+00:00\" \/>\n<meta property=\"og:image\" content=\"http:\/\/isoplast.ind.br\/16\/wp-content\/uploads\/2015\/11\/porta_litrao_2_1-e1528242641165.jpg\" \/>\n\t<meta property=\"og:image:width\" content=\"730\" \/>\n\t<meta property=\"og:image:height\" content=\"832\" \/>\n<meta name=\"twitter:card\" content=\"summary\" \/>\n<meta name=\"twitter:label1\" content=\"Est. reading time\">\n\t<meta name=\"twitter:data1\" content=\"0 minuto\">\n<script type=\"application\/ld+json\" class=\"yoast-schema-graph\">{\"@context\":\"https:\/\/schema.org\",\"@graph\":[{\"@type\":\"WebSite\",\"@id\":\"https:\/\/isoplast.ind.br\/16\/#website\",\"url\":\"https:\/\/isoplast.ind.br\/16\/\",\"name\":\"Isoplast Ltda\",\"description\":\"Tecnologia em EPS!\",\"potentialAction\":[{\"@type\":\"SearchAction\",\"target\":\"https:\/\/isoplast.ind.br\/16\/?s={search_term_string}\",\"query-input\":\"required name=search_term_string\"}],\"inLanguage\":\"pt-BR\"},{\"@type\":\"ImageObject\",\"@id\":\"http:\/\/isoplast.ind.br\/16\/produto\/porta-litrao#primaryimage\",\"inLanguage\":\"pt-BR\",\"url\":\"http:\/\/isoplast.ind.br\/16\/wp-content\/uploads\/2015\/11\/porta_litrao_2_1-e1528242641165.jpg\",\"width\":730,\"height\":832},{\"@type\":\"WebPage\",\"@id\":\"http:\/\/isoplast.ind.br\/16\/produto\/porta-litrao#webpage\",\"url\":\"http:\/\/isoplast.ind.br\/16\/produto\/porta-litrao\",\"name\":\"Porta Litr\\u00e3o - Isoplast Ltda\",\"isPartOf\":{\"@id\":\"https:\/\/isoplast.ind.br\/16\/#website\"},\"primaryImageOfPage\":{\"@id\":\"http:\/\/isoplast.ind.br\/16\/produto\/porta-litrao#primaryimage\"},\"datePublished\":\"2015-11-20T18:15:48+00:00\",\"dateModified\":\"2021-05-08T15:21:59+00:00\",\"inLanguage\":\"pt-BR\",\"potentialAction\":[{\"@type\":\"ReadAction\",\"target\":[\"http:\/\/isoplast.ind.br\/16\/produto\/porta-litrao\"]}]}]}<\/script>\n<!-- \/ Yoast SEO plugin. -->","_links":{"self":[{"href":"http:\/\/isoplast.ind.br\/16\/wp-json\/wp\/v2\/product\/1468"}],"collection":[{"href":"http:\/\/isoplast.ind.br\/16\/wp-json\/wp\/v2\/product"}],"about":[{"href":"http:\/\/isoplast.ind.br\/16\/wp-json\/wp\/v2\/types\/product"}],"replies":[{"embeddable":true,"href":"http:\/\/isoplast.ind.br\/16\/wp-json\/wp\/v2\/comments?post=1468"}],"wp:featuredmedia":[{"embeddable":true,"href":"http:\/\/isoplast.ind.br\/16\/wp-json\/wp\/v2\/media\/1469"}],"wp:attachment":[{"href":"http:\/\/isoplast.ind.br\/16\/wp-json\/wp\/v2\/media?parent=1468"}],"curies":[{"name":"wp","href":"https:\/\/api.w.org\/{rel}","templated":true}]}}