{"id":2033,"date":"2016-04-09T22:16:11","date_gmt":"2016-04-09T22:16:11","guid":{"rendered":"http:\/\/isoplast.ind.br\/16\/?page_id=2033"},"modified":"2016-04-16T00:02:49","modified_gmt":"2016-04-16T00:02:49","slug":"lajotas-eps","status":"publish","type":"page","link":"http:\/\/isoplast.ind.br\/16\/lajotas-eps","title":{"rendered":"Pagina lajotas eps"},"content":{"rendered":"<p>[vc_row css=&#8221;.vc_custom_1460299307319{margin-bottom: 20px !important;}&#8221;][vc_column][vc_custom_heading text=&#8221;CONHE\u00c7A UM POUCO MAIS SOBRE AS LAJOTAS EPS&#8221;][\/vc_column][\/vc_row][vc_row css=&#8221;.vc_custom_1460299448665{margin-bottom: 40px !important;}&#8221;][vc_column][vc_column_text]<\/p>\n<p style=\"text-align: justify;\">As lajes nervuradas constitu\u00edram uma evolu\u00e7\u00e3o natural da laje maci\u00e7a, resultante da elimina\u00e7\u00e3o da maior parte do concreto abaixo da linha neutra, o que permite o aumento econ\u00f4mica da espessura total das lajes pela cria\u00e7\u00e3o de vazios em um padr\u00e3o r\u00edtmico de arranjo. Forma-se assim um sistema estrutural altamente eficiente, constitu\u00eddo por um conjunto de nervuras dispostas em uma ou duas dire\u00e7\u00f5es, com espa\u00e7amentos regulares entre si, preenchidos por EPS.<\/p>\n<p><img loading=\"lazy\" class=\" wp-image-2029 alignleft\" src=\"http:\/\/isoplast.ind.br\/16\/wp-content\/uploads\/2016\/04\/laje_isopor1.jpg\" alt=\"laje_isopor1\" width=\"331\" height=\"249\" \/><img loading=\"lazy\" class=\" wp-image-2030 alignleft\" src=\"http:\/\/isoplast.ind.br\/16\/wp-content\/uploads\/2016\/04\/laje_isopor2.jpg\" alt=\"laje_isopor2\" width=\"331\" height=\"249\" \/><img loading=\"lazy\" class=\" wp-image-2031 alignleft\" src=\"http:\/\/isoplast.ind.br\/16\/wp-content\/uploads\/2016\/04\/laje_isopor3.jpg\" alt=\"laje_isopor3\" width=\"331\" height=\"249\" \/><\/p>\n<p>[\/vc_column_text][\/vc_column][\/vc_row][vc_row css=&#8221;.vc_custom_1460242056107{margin-bottom: 40px !important;}&#8221;][vc_column][vc_tta_accordion][vc_tta_section title=&#8221;VIGOTAS PARA UTILIZA\u00c7\u00c3O COM LAJOTAS EM EPS&#8221; tab_id=&#8221;1460241580289-2075081f-f25a&#8221;][vc_column_text]<\/p>\n<p style=\"text-align: justify;\"><img loading=\"lazy\" class=\"wp-image-2024 alignleft\" src=\"http:\/\/isoplast.ind.br\/16\/wp-content\/uploads\/2016\/04\/blocos_1-300x134.gif\" alt=\"blocos_1\" width=\"363\" height=\"162\" \/>Atualmente, est\u00e3o dispon\u00edveis no mercado brasileiro os tr\u00eas tipos de vigotas citados acima que se adaptam perfeitamente com os blocos em EPS para constru\u00e7\u00e3o de lajes seguras e eficazes. Nas lajes nervuradas, os blocos de EPS n\u00e3o participam da resist\u00eancia final da estrutura, por\u00e9m, por funcionarem como elementos estruturais durante os trabalhos de montagem das armaduras e de concretagem da laje, eles devem ser dimensionados para suportarem os esfor\u00e7os neles existentes durante a fase de constru\u00e7\u00e3o.<\/p>\n<p>[\/vc_column_text][\/vc_tta_section][vc_tta_section title=&#8221;TIPOS DE BLOCOS COM ENCAIXES&#8221; tab_id=&#8221;1460241580906-4138383f-6d7c&#8221;][vc_column_text]<img loading=\"lazy\" class=\"wp-image-2025 alignleft\" src=\"http:\/\/isoplast.ind.br\/16\/wp-content\/uploads\/2016\/04\/blocos_2-300x178.gif\" alt=\"blocos_2\" width=\"403\" height=\"239\" \/><strong>PRINCIPAIS VANTAGENS:<\/strong><\/p>\n<p style=\"text-align: justify;\" align=\"justify\">A leveza e a resist\u00eancia do EPS s\u00e3o caracter\u00edsticas muito favor\u00e1veis para o nivelamento de lajes. O produto pode ser usado at\u00e9 10 kg\/m\u00b3 e oferece at\u00e9 50 KPa nos materias produzidos dentro das normas da ABNT.<\/p>\n<p style=\"text-align: justify;\" align=\"justify\">Por ser um excelente isolante t\u00e9rmico e oferecer baixa absor\u00e7\u00e3o de \u00e1gua (m\u00e1xima de 5% em volume na classifica\u00e7\u00e3o PI), permite que a cura do concreto seja bem melhor e mais r\u00e1pida.<\/p>\n<p style=\"text-align: justify;\" align=\"justify\">O EPS(poliestireno expandido) n\u00e3o serve de alimento a nenhum ser vivo, inclusive microorganismos, portanto n\u00e3o atrai cupins nem apodrece.<\/p>\n<p>[\/vc_column_text][\/vc_tta_section][vc_tta_section title=&#8221;EXEMPLOS DE SISTEMAS CONSTRUTIVOS LAJOTAS&#8221; tab_id=&#8221;1460301270213-cbd3ba04-ffe7&#8243;][vc_column_text]<\/p>\n<p style=\"text-align: center;\"><strong>LAJE UNIDIRECIONAL (VIGOTA TRELI\u00c7ADA COM EPS)<\/strong><\/p>\n<p><img loading=\"lazy\" class=\"alignnone wp-image-2026 aligncenter\" src=\"http:\/\/isoplast.ind.br\/16\/wp-content\/uploads\/2016\/04\/blocos_3-300x210.gif\" alt=\"blocos_3\" width=\"543\" height=\"380\" \/><\/p>\n<p style=\"text-align: center;\"><strong>LAJE BIDIRECIONAL (VIGOTA TRELI\u00c7ADA + PLAQUETAS + EPS)<\/strong><\/p>\n<p style=\"text-align: center;\"><img loading=\"lazy\" class=\"alignnone wp-image-2027\" src=\"http:\/\/isoplast.ind.br\/16\/wp-content\/uploads\/2016\/04\/blocos_4-300x200.gif\" alt=\"blocos_4\" width=\"543\" height=\"362\" \/><\/p>\n<p>[\/vc_column_text][\/vc_tta_section][vc_tta_section title=&#8221;EXEMPLOS DE SISTEMAS CONSTRUTIVOS BLOCOS RECORTADOS 1&#8243; tab_id=&#8221;1460301273934-3352f02d-cd85&#8243;][vc_column_text]<\/p>\n<p style=\"text-align: center;\"><strong>OP\u00c7\u00c3O I: PR\u00c9-LAJE PEQUENA OU LAJE COM PAINEL TRELI\u00c7ADO PEQUENO + EPS RECORTADO<\/strong><\/p>\n<p style=\"text-align: center;\"><img loading=\"lazy\" class=\"alignnone wp-image-2055\" src=\"http:\/\/isoplast.ind.br\/16\/wp-content\/uploads\/2016\/04\/blocos_5-300x208.gif\" alt=\"blocos_5\" width=\"543\" height=\"377\" \/><\/p>\n<p style=\"text-align: center;\"><strong>OP\u00c7\u00c3O II: PR\u00c9-LAJE M\u00c9DIA OU LAJE COM PAINEL TRELI\u00c7ADO M\u00c9DIO + EPS RECORTADO<\/strong><\/p>\n<p><img loading=\"lazy\" class=\"alignnone wp-image-2056 aligncenter\" src=\"http:\/\/isoplast.ind.br\/16\/wp-content\/uploads\/2016\/04\/blocos_6-300x194.gif\" alt=\"blocos_6\" width=\"543\" height=\"351\" \/>[\/vc_column_text][\/vc_tta_section][vc_tta_section title=&#8221;EXEMPLOS DE SISTEMAS CONSTRUTIVOS BLOCOS RECORTADOS 2&#8243; tab_id=&#8221;1460302437331-6aacd311-5f55&#8243;][vc_column_text]<\/p>\n<p style=\"text-align: center;\"><strong>OP\u00c7\u00c3O III: PR\u00c9-LAJE GRANDE OU LAJE COM PAINEL TRELI\u00c7ADO GRANDE + EPS RECORTADO<\/strong><\/p>\n<p style=\"text-align: center;\"><img loading=\"lazy\" class=\"alignnone wp-image-2057\" src=\"http:\/\/isoplast.ind.br\/16\/wp-content\/uploads\/2016\/04\/blocos_7-300x204.gif\" alt=\"blocos_7\" width=\"543\" height=\"369\" \/><\/p>\n<p style=\"text-align: center;\"><strong>OP\u00c7\u00c3O IV: PR\u00c9-LAJE OU LAJE COM PAINEL TRELI\u00c7ADO + EPS RECORTADO<\/strong><\/p>\n<p><img loading=\"lazy\" class=\"alignnone wp-image-2058 aligncenter\" src=\"http:\/\/isoplast.ind.br\/16\/wp-content\/uploads\/2016\/04\/blocos_8-300x217.gif\" alt=\"blocos_8\" width=\"543\" height=\"393\" \/>[\/vc_column_text][\/vc_tta_section][\/vc_tta_accordion][\/vc_column][\/vc_row][vc_row][vc_column][vc_button title=&#8221;Or\u00e7amento&#8221; color=&#8221;btn-primary&#8221; size=&#8221;btn-large&#8221; href=&#8221;http:\/\/isoplast.ind.br\/16\/orca-form-contato\/&#8221;][\/vc_column][\/vc_row]<\/p>\n","protected":false},"excerpt":{"rendered":"<p>[vc_row css=&#8221;.vc_custom_1460299307319{margin-bottom: 20px !important;}&#8221;][vc_column][vc_custom_heading text=&#8221;CONHE\u00c7A UM POUCO MAIS SOBRE AS LAJOTAS EPS&#8221;][\/vc_column][\/vc_row][vc_row css=&#8221;.vc_custom_1460299448665{margin-bottom: 40px !important;}&#8221;][vc_column][vc_column_text] As lajes nervuradas constitu\u00edram uma evolu\u00e7\u00e3o natural da laje maci\u00e7a, resultante da elimina\u00e7\u00e3o da maior parte do concreto abaixo da linha neutra, o que permite o aumento econ\u00f4mica da espessura total das lajes pela cria\u00e7\u00e3o de vazios em um padr\u00e3o [&hellip;]<\/p>\n","protected":false},"author":1,"featured_media":0,"parent":0,"menu_order":0,"comment_status":"closed","ping_status":"closed","template":"","meta":[],"yoast_head":"<!-- This site is optimized with the Yoast SEO plugin v15.5 - https:\/\/yoast.com\/wordpress\/plugins\/seo\/ -->\n<title>Pagina lajotas eps - Isoplast Ltda<\/title>\n<meta name=\"robots\" content=\"index, follow, max-snippet:-1, max-image-preview:large, max-video-preview:-1\" \/>\n<link rel=\"canonical\" href=\"http:\/\/isoplast.ind.br\/16\/lajotas-eps\" \/>\n<meta property=\"og:locale\" content=\"pt_BR\" \/>\n<meta property=\"og:type\" content=\"article\" \/>\n<meta property=\"og:title\" content=\"Pagina lajotas eps - Isoplast Ltda\" \/>\n<meta property=\"og:description\" content=\"[vc_row css=&#8221;.vc_custom_1460299307319{margin-bottom: 20px !important;}&#8221;][vc_column][vc_custom_heading text=&#8221;CONHE\u00c7A UM POUCO MAIS SOBRE AS LAJOTAS EPS&#8221;][\/vc_column][\/vc_row][vc_row css=&#8221;.vc_custom_1460299448665{margin-bottom: 40px !important;}&#8221;][vc_column][vc_column_text] As lajes nervuradas constitu\u00edram uma evolu\u00e7\u00e3o natural da laje maci\u00e7a, resultante da elimina\u00e7\u00e3o da maior parte do concreto abaixo da linha neutra, o que permite o aumento econ\u00f4mica da espessura total das lajes pela cria\u00e7\u00e3o de vazios em um padr\u00e3o [&hellip;]\" \/>\n<meta property=\"og:url\" content=\"http:\/\/isoplast.ind.br\/16\/lajotas-eps\" \/>\n<meta property=\"og:site_name\" content=\"Isoplast Ltda\" \/>\n<meta property=\"article:modified_time\" content=\"2016-04-16T00:02:49+00:00\" \/>\n<meta property=\"og:image\" content=\"http:\/\/isoplast.ind.br\/16\/wp-content\/uploads\/2016\/04\/laje_isopor1.jpg\" \/>\n<meta name=\"twitter:card\" content=\"summary\" \/>\n<meta name=\"twitter:label1\" content=\"Est. reading time\">\n\t<meta name=\"twitter:data1\" content=\"2 minutos\">\n<script type=\"application\/ld+json\" class=\"yoast-schema-graph\">{\"@context\":\"https:\/\/schema.org\",\"@graph\":[{\"@type\":\"WebSite\",\"@id\":\"https:\/\/isoplast.ind.br\/16\/#website\",\"url\":\"https:\/\/isoplast.ind.br\/16\/\",\"name\":\"Isoplast Ltda\",\"description\":\"Tecnologia em EPS!\",\"potentialAction\":[{\"@type\":\"SearchAction\",\"target\":\"https:\/\/isoplast.ind.br\/16\/?s={search_term_string}\",\"query-input\":\"required name=search_term_string\"}],\"inLanguage\":\"pt-BR\"},{\"@type\":\"ImageObject\",\"@id\":\"http:\/\/isoplast.ind.br\/16\/lajotas-eps#primaryimage\",\"inLanguage\":\"pt-BR\",\"url\":\"http:\/\/isoplast.ind.br\/16\/wp-content\/uploads\/2016\/04\/laje_isopor1.jpg\",\"width\":250,\"height\":188},{\"@type\":\"WebPage\",\"@id\":\"http:\/\/isoplast.ind.br\/16\/lajotas-eps#webpage\",\"url\":\"http:\/\/isoplast.ind.br\/16\/lajotas-eps\",\"name\":\"Pagina lajotas eps - Isoplast Ltda\",\"isPartOf\":{\"@id\":\"https:\/\/isoplast.ind.br\/16\/#website\"},\"primaryImageOfPage\":{\"@id\":\"http:\/\/isoplast.ind.br\/16\/lajotas-eps#primaryimage\"},\"datePublished\":\"2016-04-09T22:16:11+00:00\",\"dateModified\":\"2016-04-16T00:02:49+00:00\",\"inLanguage\":\"pt-BR\",\"potentialAction\":[{\"@type\":\"ReadAction\",\"target\":[\"http:\/\/isoplast.ind.br\/16\/lajotas-eps\"]}]}]}<\/script>\n<!-- \/ Yoast SEO plugin. -->","_links":{"self":[{"href":"http:\/\/isoplast.ind.br\/16\/wp-json\/wp\/v2\/pages\/2033"}],"collection":[{"href":"http:\/\/isoplast.ind.br\/16\/wp-json\/wp\/v2\/pages"}],"about":[{"href":"http:\/\/isoplast.ind.br\/16\/wp-json\/wp\/v2\/types\/page"}],"author":[{"embeddable":true,"href":"http:\/\/isoplast.ind.br\/16\/wp-json\/wp\/v2\/users\/1"}],"replies":[{"embeddable":true,"href":"http:\/\/isoplast.ind.br\/16\/wp-json\/wp\/v2\/comments?post=2033"}],"version-history":[{"count":26,"href":"http:\/\/isoplast.ind.br\/16\/wp-json\/wp\/v2\/pages\/2033\/revisions"}],"predecessor-version":[{"id":2070,"href":"http:\/\/isoplast.ind.br\/16\/wp-json\/wp\/v2\/pages\/2033\/revisions\/2070"}],"wp:attachment":[{"href":"http:\/\/isoplast.ind.br\/16\/wp-json\/wp\/v2\/media?parent=2033"}],"curies":[{"name":"wp","href":"https:\/\/api.w.org\/{rel}","templated":true}]}}